{"id":924,"date":"2022-03-14T18:02:20","date_gmt":"2022-03-14T18:02:20","guid":{"rendered":"https:\/\/kaelberer-online.de\/services\/?page_id=924"},"modified":"2022-03-14T18:02:20","modified_gmt":"2022-03-14T18:02:20","slug":"notebook-reparatur-privat-duernau","status":"publish","type":"page","link":"https:\/\/www.kaelberer-online.de\/services\/privat\/notebook-reparatur-privat-duernau\/","title":{"rendered":"Notebook <a href=\"https:\/\/www.kaelberer-online.de\/services\/\">Reparatur<\/a> Privat in D\u00fcrnau &#8211; Telefon 07164 909700"},"content":{"rendered":"<h2>Ihr EDV-Fachmann aus der nahe gelegenen Gegend: <span style=\"color: #4F81BD;\"><strong>kaelberer services<\/strong><\/span> &#8211; wir sind nur ca 3.8 Kilometer von Ihnen entfernt.<\/h2>\n<p>Bei uns ist Ihre Personal Computer-<a href=\"https:\/\/www.kaelberer-online.de\/services\/\">Fehlerbehebung<\/a> in den allerbesten H\u00e4nden! Dar\u00fcber hinaus k\u00f6nnen wir zuverl\u00e4ssig IT-Wartungen inklusive Virenentfernung an Ihrem Laptop durchf\u00fchren. Eventuell w\u00fcnschen Sie fachgem\u00e4\u00dfe Kaufberatung, Datensicherung und Heimcomputer-Aufr\u00fcstung? In diesem Fall sind wir der richtige Partner!<\/p>\n<h2>Wir von <span style=\"color: #4F81BD;\"><strong>kaelberer services<\/strong><\/span> in Zell u. A. legen besonderen Wert auf pers\u00f6nlichen PC-Service f\u00fcr unsere Privaten Klienten.<\/h2>\n<p>Nehmen Sie mit uns Kontakt auf unter Telefon 07164 909700 und verlangen Sie unsere PC-Unterst\u00fctzung. Unser Angebot gilt sowohl in unseren R\u00e4umlichkeiten als auch \u00fcber Fernwartung oder vor Ort bei Ihnen in D\u00fcrnau. Unsere Firma ist Ihre fachkundige Personal Computer- Betreuung Ihr IT-Profi<\/p>\n<h3>Die Services unserer Firma auf einen Blick:<\/h3>\n<ul>\n<li>Fehlerbeseitigung und Instandsetzung von PCs, Laptops<\/li>\n<li>Virenentfernung, Virenschutz und kompetente Datensicherung<\/li>\n<li>Installation von Ger\u00e4ten und Software<\/li>\n<li>Aufr\u00fcstung von Personal Computer sowie <strong>Notebook<\/strong><\/li>\n<li>Professionelle Schadensabwicklung rund um PC und Datensicherung<\/li>\n<li>Es kommt \u00f6fter vor, als gedacht: ein Moment in dem man nicht aufpasst \u2013 falsche Taste gedr\u00fcckt und Daten sind gel\u00f6scht.<\/li>\n<li>Unsere Firma steht Ihnen in jeder Lage rund um Personal Computer sowie Laptop mit bestem Wissen zur Seite.<\/li>\n<\/ul>\n<p><strong><span style=\"color: #FF0000;\">Erg\u00e4nzende Leistungen auf Anfrage Tel.: 07164 909700<\/span><\/strong><\/p>\n<h2>Konfiguration von Ger\u00e4ten und Softwarel\u00f6sungen<\/h2>\n<p>In unserer sich rasant ver\u00e4ndernden Welt gibt es dauernd \u00c4nderungen. Der Erwerb eines aktuellen PCs, Druckers, Scanners oder einer Fritz box kann f\u00fcr den Unerfahrenen sehr anspruchsvoll sein. Sie haben weder Zeit noch Wissen, wie neuartige Anwendungen benutzt werden? Dann unterst\u00fctzen wir Sie gerne dabei. Selbstverst\u00e4ndlich geh\u00f6rt eine Ger\u00e4te- wie auch Installation von Software zu unseren T\u00e4tigkeiten.<\/p>\n<p>PC wie auch Notebook-Aufr\u00fcstung \u2013 zuverl\u00e4ssig und qualifiziert von kaelberer services.<\/p>\n<p>Technik steht niemals still. Um Ihren Rechner auf einem aktuellen Stand zu halten, sollte ab und zu eine fachgerechte Aufr\u00fcstung ausgef\u00fchrt werden. Ihre Hardware-Aufr\u00fcstung ist bei uns in qualifizierter Hand.<\/p>\n<h2>Schadensabwicklung vom Profi<\/h2>\n<p>Sollte Ihr Personalcomputer nicht mehr richtig funktionieren sowie das Handy oder Notebook l\u00e4diert ist, dann wenden Sie sich vertrauensvoll an kaelberer-services.<\/p>\n<p>Vollservice f\u00fcr s\u00e4mtliche Personalcomputer, egal welches Model.<\/p>\n<p>Umfassende Mehrwerte, die Ihren PC und Notebook betreffen, \u00fcbernehmen unsere Experten mit viel Genauigkeit. Unsere Firm ist Ihr kompetenter Profi f\u00fcr Services in D\u00fcrnau. Dabei ist unser Angebot ziemlich breit gef\u00e4chert. Im \u00dcbrigen offerieren wir neben PC-<strong>Reparatur<\/strong> auch weitreichende IT-Dienstleistungen wie Backup, Softwareinstallation und Schulungen.<\/p>\n<h2>Personalcomputer-Unterst\u00fctzung f\u00fcr Privatleute<\/h2>\n<p>Die W\u00fcnsche von Privatleuten ben\u00f6tigen h\u00e4ufig individuelle L\u00f6sungen. Unsere Mitarbeiter von kaelberer-services sind darauf eingestellt. Ihren alten Laptop m\u00fcssen Sie nicht zum Recyclinghof transportieren, vermutlich ben\u00f6tigt er nur eine General\u00fcberholung und eine neue SSD-Festplatte. Hierbei gibt eine gro\u00dfe Anzahl von Optionen, Nachhaltigkeit ins Spiel zu bringen.<\/p>\n<p><strong><cite>Heimcomputer-Service privat: <span style=\"color: #4F81BD;\"><strong>kaelberer services<\/strong><\/span> Telefon: 07164 909700 &#8211; | E-Mail: support@kaelberer-online.de<\/cite><\/strong><\/p>\n<p>[contact-form-7 id=&#8220;524&#8243; title=&#8220;Notebook-<strong>Reparatur<\/strong>-Privat&#8220;]<\/p>\n","protected":false},"excerpt":{"rendered":"<p>Ihr EDV-Fachmann aus der nahe gelegenen Gegend: kaelberer services &#8211; wir sind nur ca 3.8 Kilometer von Ihnen entfernt. Bei uns ist Ihre Personal Computer-Fehlerbehebung in den allerbesten H\u00e4nden! Dar\u00fcber hinaus k\u00f6nnen wir zuverl\u00e4ssig IT-Wartungen inklusive Virenentfernung an Ihrem Laptop durchf\u00fchren. Eventuell w\u00fcnschen Sie fachgem\u00e4\u00dfe Kaufberatung, Datensicherung und Heimcomputer-Aufr\u00fcstung? In diesem Fall sind wir der &hellip; <a href=\"https:\/\/www.kaelberer-online.de\/services\/privat\/notebook-reparatur-privat-duernau\/\" class=\"more-link\">Continue reading<span class=\"screen-reader-text\"> &#8222;Notebook <a href=\"https:\/\/www.kaelberer-online.de\/services\/\">Reparatur<\/a> Privat in D\u00fcrnau &#8211; Telefon 07164 909700&#8243;<\/span><\/a><\/p>\n","protected":false},"author":2,"featured_media":925,"parent":486,"menu_order":0,"comment_status":"closed","ping_status":"closed","template":"","meta":{"footnotes":""},"class_list":["post-924","page","type-page","status-publish","has-post-thumbnail","hentry"],"_links":{"self":[{"href":"https:\/\/www.kaelberer-online.de\/services\/wp-json\/wp\/v2\/pages\/924","targetHints":{"allow":["GET"]}}],"collection":[{"href":"https:\/\/www.kaelberer-online.de\/services\/wp-json\/wp\/v2\/pages"}],"about":[{"href":"https:\/\/www.kaelberer-online.de\/services\/wp-json\/wp\/v2\/types\/page"}],"author":[{"embeddable":true,"href":"https:\/\/www.kaelberer-online.de\/services\/wp-json\/wp\/v2\/users\/2"}],"replies":[{"embeddable":true,"href":"https:\/\/www.kaelberer-online.de\/services\/wp-json\/wp\/v2\/comments?post=924"}],"version-history":[{"count":0,"href":"https:\/\/www.kaelberer-online.de\/services\/wp-json\/wp\/v2\/pages\/924\/revisions"}],"up":[{"embeddable":true,"href":"https:\/\/www.kaelberer-online.de\/services\/wp-json\/wp\/v2\/pages\/486"}],"wp:featuredmedia":[{"embeddable":true,"href":"https:\/\/www.kaelberer-online.de\/services\/wp-json\/wp\/v2\/media\/925"}],"wp:attachment":[{"href":"https:\/\/www.kaelberer-online.de\/services\/wp-json\/wp\/v2\/media?parent=924"}],"curies":[{"name":"wp","href":"https:\/\/api.w.org\/{rel}","templated":true}]}}