{"id":902,"date":"2022-03-20T23:16:33","date_gmt":"2022-03-20T23:16:33","guid":{"rendered":"https:\/\/kaelberer-online.de\/services\/?page_id=902"},"modified":"2022-03-20T23:16:33","modified_gmt":"2022-03-20T23:16:33","slug":"pc-reparatur-privat-weilheim-an-der-teck","status":"publish","type":"page","link":"https:\/\/www.kaelberer-online.de\/services\/privat\/pc-reparatur-privat-weilheim-an-der-teck\/","title":{"rendered":"PC Reparatur Privat f\u00fcr Weilheim an der Teck &#8211; Tel. 07164 909700"},"content":{"rendered":"<h2>Ihr EDV-Experte in der nahe gelegenen Gegend: <span style=\"color: #4F81BD;\"><strong>kaelberer services<\/strong><\/span> &#8211; unsere Firma ist nur ca 1.9 Km von Ihnen weg.<\/h2>\n<p>Bei uns ist Ihre Heimcomputer-Reparatur in den besten H\u00e4nden! Dar\u00fcber hinaus k\u00f6nnen wir zuverl\u00e4ssig IT-Wartungen inklusive Virenentfernung an Ihrem Notebook durchf\u00fchren. Vielleicht w\u00fcnschen Sie qualifizierte Kaufberatung, Datensicherung oder Heimcomputer-Aufr\u00fcstung? In diesem Fall sind wir der optimale Experte!<\/p>\n<h2>Unsere Mitarbeiter in Zell u. A. legen gro\u00dfen Wert auf pers\u00f6nlichen PC-Service f\u00fcr unsere Privaten Klienten.<\/h2>\n<p>Nehmen Sie mit uns Kontakt auf unter E-Mail: support@kaelberer-online.de und verlangen Sie unsere PC-Unterst\u00fctzung. Dieses Angebot gilt sowohl in unseren R\u00e4umlichkeiten wie auch \u00fcber Fernwartung oder vor Ort bei Ihnen in Weilheim an der Teck. Wir sind Ihre kompetente Personal Computer- Betreuung Ihr EDV-Experte<\/p>\n<h3>Die Services unserer Firma auf einen Blick:<\/h3>\n<ul>\n<li>Fehlerbeseitigung und Reparatur von Computern, Notebooks<\/li>\n<li>Sachkundige Schadensabwicklung rund um Personal Computer und Backup<\/li>\n<li><span style=\"color: #4F81BD;\"><strong>kaelberer services<\/strong><\/span> steht Ihnen in jeder Situation rund um Personal Computer wie auch Notebook mit bestem Fachwissen zur Seite.<\/li>\n<li>Erweiterung von Personal Computer beziehungsweise Notebook<\/li>\n<li>Installation, Konfiguration von Ger\u00e4ten sowie Software<\/li>\n<\/ul>\n<p><strong><span style=\"color: #FF0000;\">Weitere Leistungen auf Anfrage Tel.: 07164 909700<\/span><\/strong><\/p>\n<h2>Installation von Ger\u00e4ten sowie Software<\/h2>\n<p>In unserer schnelllebigen Welt gibt es dauernd Innovationen. Der Erwerb eines brandneuen Computers, Druckers, Scanners oder einer Fritz box kann f\u00fcr den Unerfahrenen besonders anspruchsvoll sein. Sie haben weder Zeit noch Wissen, wie neuartige Programme genutzt werden k\u00f6nnen? Dann betreuen wir Sie gern dabei. Selbstverst\u00e4ndlich geh\u00f6rt eine Ger\u00e4te- wie auch Softwareinstallation zu unseren Aufgaben.<\/p>\n<p>Personalcomputer und Laptop-Aufr\u00fcstung \u2013 gewissenhaft und qualifiziert von kaelberer services.<\/p>\n<p>Technik steht nie still. Um Ihren Personal Computer auf einem neuesten Stand zu halten, sollte von Zeit zu Zeit eine fachgerechte Aufr\u00fcstung gemacht werden. Ihre Hardware-Aufr\u00fcstung ist bei uns in qualifizierter Hand.<\/p>\n<h2>Wenn es Rechner-Probleme gibt<\/h2>\n<p>Sollte Ihr Personal Computer nicht mehr richtig funktionieren und das Mobiltelefon oder der Laptop kaputt ist, dann wenden Sie sich vertrauensvoll an uns.<\/p>\n<p>Vollservice f\u00fcr s\u00e4mtliche Personalcomputer, egal welches Model.<\/p>\n<p>Umfassende Dienste, die Ihren Computer und Notebook betreffen, \u00fcbernehmen unsere Experten mit viel Genauigkeit. Unsere Firm ist Ihr kompetenter Partner f\u00fcr Services in Weilheim an der Teck. Dabei ist unser Angebot sehr breit gef\u00e4chert. Dar\u00fcber hinaus bieten wir neben Rechner-Reparatur auch viele IT-Leistungen wie Datensicherung, Installation von Software und Einzelschulungen.<\/p>\n<h2>PC-Support f\u00fcr Privatleute<\/h2>\n<p>Die W\u00fcnsche von Privatleuten erfordern h\u00e4ufig passende Services. Unsere Mitarbeiter von kaelberer-services sind darauf eingestellt. Ihren alten Laptop m\u00fcssen Sie nicht zum Recyclinghof transportieren, wahrscheinlich ben\u00f6tigt er lediglich eine General\u00fcberholung sowie eine neuartige SSD. Hierbei gibt eine gro\u00dfe Anzahl von L\u00f6sungen, Nachhaltigkeit ins Spiel zu bringen.<\/p>\n<p><strong><cite>PC-Service im privaten Rahmen: <span style=\"color: #4F81BD;\"><strong>kaelberer services<\/strong><\/span> Telefon: 07164 909700 &#8211; | E-Mail: support@kaelberer-online.de<\/cite><\/strong><\/p>\n<p>[contact-form-7 id=&#8220;524&#8243; title=&#8220;PC-Reparatur-Privat&#8220;]<\/p>\n","protected":false},"excerpt":{"rendered":"<p>Ihr EDV-Experte in der nahe gelegenen Gegend: kaelberer services &#8211; unsere Firma ist nur ca 1.9 Km von Ihnen weg. Bei uns ist Ihre Heimcomputer-Reparatur in den besten H\u00e4nden! Dar\u00fcber hinaus k\u00f6nnen wir zuverl\u00e4ssig IT-Wartungen inklusive Virenentfernung an Ihrem Notebook durchf\u00fchren. Vielleicht w\u00fcnschen Sie qualifizierte Kaufberatung, Datensicherung oder Heimcomputer-Aufr\u00fcstung? In diesem Fall sind wir der &hellip; <a href=\"https:\/\/www.kaelberer-online.de\/services\/privat\/pc-reparatur-privat-weilheim-an-der-teck\/\" class=\"more-link\">Continue reading<span class=\"screen-reader-text\"> &#8222;PC Reparatur Privat f\u00fcr Weilheim an der Teck &#8211; Tel. 07164 909700&#8220;<\/span><\/a><\/p>\n","protected":false},"author":2,"featured_media":903,"parent":486,"menu_order":0,"comment_status":"closed","ping_status":"closed","template":"","meta":{"footnotes":""},"class_list":["post-902","page","type-page","status-publish","has-post-thumbnail","hentry"],"_links":{"self":[{"href":"https:\/\/www.kaelberer-online.de\/services\/wp-json\/wp\/v2\/pages\/902","targetHints":{"allow":["GET"]}}],"collection":[{"href":"https:\/\/www.kaelberer-online.de\/services\/wp-json\/wp\/v2\/pages"}],"about":[{"href":"https:\/\/www.kaelberer-online.de\/services\/wp-json\/wp\/v2\/types\/page"}],"author":[{"embeddable":true,"href":"https:\/\/www.kaelberer-online.de\/services\/wp-json\/wp\/v2\/users\/2"}],"replies":[{"embeddable":true,"href":"https:\/\/www.kaelberer-online.de\/services\/wp-json\/wp\/v2\/comments?post=902"}],"version-history":[{"count":0,"href":"https:\/\/www.kaelberer-online.de\/services\/wp-json\/wp\/v2\/pages\/902\/revisions"}],"up":[{"embeddable":true,"href":"https:\/\/www.kaelberer-online.de\/services\/wp-json\/wp\/v2\/pages\/486"}],"wp:featuredmedia":[{"embeddable":true,"href":"https:\/\/www.kaelberer-online.de\/services\/wp-json\/wp\/v2\/media\/903"}],"wp:attachment":[{"href":"https:\/\/www.kaelberer-online.de\/services\/wp-json\/wp\/v2\/media?parent=902"}],"curies":[{"name":"wp","href":"https:\/\/api.w.org\/{rel}","templated":true}]}}