{"id":877,"date":"2022-04-23T11:14:51","date_gmt":"2022-04-23T11:14:51","guid":{"rendered":"https:\/\/kaelberer-online.de\/services\/?page_id=877"},"modified":"2022-04-23T11:14:51","modified_gmt":"2022-04-23T11:14:51","slug":"pc-reparatur-privat-kirchheim-unter-teck","status":"publish","type":"page","link":"https:\/\/www.kaelberer-online.de\/services\/privat\/pc-reparatur-privat-kirchheim-unter-teck\/","title":{"rendered":"PC Reparatur Privat in Kirchheim unter Teck &#8211; Telefon 07164 909700"},"content":{"rendered":"<h2>Ihr EDV-Spezialist aus der N\u00e4he: <span style=\"color: #4F81BD;\"><strong>kaelberer services<\/strong><\/span> &#8211; unser Unternehmen ist nur rund 3.8 Km von Ihnen entfernt.<\/h2>\n<p>Bei unserer Firma ist Ihre Rechner-Instandsetzung in den allerbesten H\u00e4nden! Dar\u00fcber hinaus k\u00f6nnen wir zuverl\u00e4ssig IT-Wartungen inklusive Virenentfernung an Ihrem Computer durchf\u00fchren. Eventuell w\u00fcnschen Sie g\u00fcnstige und professionelle Kaufberatung, Datensicherung und Heimcomputer-Aufr\u00fcstung? In diesem Fall sind wir der optimale Ansprechpartner!<\/p>\n<h2>Wir von <span style=\"color: #4F81BD;\"><strong>kaelberer services<\/strong><\/span> in Zell unter Aichelberg legen gro\u00dfen Wert auf pers\u00f6nlichen PC-Service f\u00fcr unsere Privaten Kunden.<\/h2>\n<p>Nehmen Sie mit uns Kontakt auf unter E-Mail: support@kaelberer-online.de und verlangen Sie unsere PC-Unterst\u00fctzung. Dieses Angebot gilt sowohl in unseren R\u00e4umlichkeiten wie auch via Fernwartung oder vor Ort bei Ihnen in Kirchheim unter Teck. Wir sind Ihre profesionelle Personal Computer- Betreuung Ihr IT-Experte<\/p>\n<h3>Die Services unserer Firma auf einen Blick:<\/h3>\n<ul>\n<li>Aufr\u00fcstung von Personalcomputer und Notebook<\/li>\n<li><span style=\"color: #4F81BD;\"><strong>kaelberer services<\/strong><\/span> steht Ihnen in jeder Situation rund um PC und Notebook mit bestem Wissen zur Seite.<\/li>\n<li>Fehlerbehebung und Reparatur von PCs, Laptops<\/li>\n<li>Installation von Ger\u00e4tschaft sowie Software<\/li>\n<li>Virenentfernung, Virenschutz wie auch professionelle Sicherung Ihrer Daten<\/li>\n<li>Kompetente Abwicklung rund um Personalcomputer und Datensicherung<\/li>\n<li>Es kommt \u00f6fter vor, als gedacht: ein unachtsamer Moment \u2013 falsche Taste gedr\u00fcckt und die Daten sind gel\u00f6scht.<\/li>\n<\/ul>\n<p><strong><span style=\"color: #FF0000;\">Mehr Leistungen auf Anfrage Tel.: 07164 909700<\/span><\/strong><\/p>\n<h2>Inbetriebnahme von Ger\u00e4ten sowie Softwarel\u00f6sungen<\/h2>\n<p>In unserer schnelllebigen Welt gibt es st\u00e4ndig \u00c4nderungen. Der Erwerb eines brandneuen PCs, Druckers, Scanners oder einer Fritz box kann f\u00fcr den Laien ausgesprochen herausfordernd sein. Sie wissen nicht, wie moderne Softwareprogramme genutzt werden k\u00f6nnen? Dann betreuen wir Sie gerne dabei. Nat\u00fcrlich geh\u00f6rt die Ger\u00e4te- und Softwareinstallation zu unseren Arbeiten.<\/p>\n<p>Personal Computer und Laptop-Aufr\u00fcstung \u2013 gewissenhaft und kompetent von kaelberer services.<\/p>\n<p>Technik steht niemals still. Damit Sie stets auf dem neuesten Status mit Ihrem Personalcomputer sind, sollte ab und zu eine fachm\u00e4nnische Aufr\u00fcstung durchgef\u00fchrt werden. Ihre Hardware-Aufr\u00fcstung ist bei uns in kompetenter Hand.<\/p>\n<h2>Wenn es Heimcomputer-Probleme gibt<\/h2>\n<p>Sollte Ihr Rechner nicht mehr richtig funktionieren oder das Handy oder der Laptop l\u00e4diert ist, dann wenden Sie sich vertrauensvoll an uns.<\/p>\n<p>Vollservice f\u00fcr alle Personalcomputer, egal welche Marke.<\/p>\n<p>Vielf\u00e4ltige Mehrwerte, die Ihren PC und Laptop betreffen, \u00fcbernehmen unsere Experten mit viel Genauigkeit. <span style=\"color: #4F81BD;\"><strong>kaelberer services<\/strong><\/span> ist Ihr kompetenter Profi f\u00fcr Services in Kirchheim unter Teck. Hierbei ist das Angebotsspektrum sehr weit gef\u00e4chert. Zudem bieten wir neben Rechner-Reparatur auch weitreichende IT-T\u00e4tigkeiten wie Backup, Softwareinstallation und Einzelschulungen.<\/p>\n<h2>Personalcomputer-Support f\u00fcr Private Kunden<\/h2>\n<p>Die Belange von Privatkunden erfordern oft ma\u00dfgeschneiderte L\u00f6sungen. Unsere Firma ist darauf eingestellt. Den \u00e4lteren Laptop m\u00fcssen Sie nicht zum Wertstoffhof transportieren, vermutlich ben\u00f6tigt er nur eine General\u00fcberholung sowie eine moderne SSD-Festplatte. Hierbei gibt eine Reihe von L\u00f6sungen, Nachhaltigkeit ins Spiel zu bringen.<\/p>\n<p><strong><cite>Personalcomputer-Dienst privat: <span style=\"color: #4F81BD;\"><strong>kaelberer services<\/strong><\/span> Telefon: 07164 909700 &#8211; | E-Mail: support@kaelberer-online.de<\/cite><\/strong><\/p>\n<p>[contact-form-7 id=&#8220;524&#8243; title=&#8220;PC-Reparatur-Privat&#8220;]<\/p>\n","protected":false},"excerpt":{"rendered":"<p>Ihr EDV-Spezialist aus der N\u00e4he: kaelberer services &#8211; unser Unternehmen ist nur rund 3.8 Km von Ihnen entfernt. Bei unserer Firma ist Ihre Rechner-Instandsetzung in den allerbesten H\u00e4nden! Dar\u00fcber hinaus k\u00f6nnen wir zuverl\u00e4ssig IT-Wartungen inklusive Virenentfernung an Ihrem Computer durchf\u00fchren. Eventuell w\u00fcnschen Sie g\u00fcnstige und professionelle Kaufberatung, Datensicherung und Heimcomputer-Aufr\u00fcstung? In diesem Fall sind wir &hellip; <a href=\"https:\/\/www.kaelberer-online.de\/services\/privat\/pc-reparatur-privat-kirchheim-unter-teck\/\" class=\"more-link\">Continue reading<span class=\"screen-reader-text\"> &#8222;PC Reparatur Privat in Kirchheim unter Teck &#8211; Telefon 07164 909700&#8220;<\/span><\/a><\/p>\n","protected":false},"author":2,"featured_media":878,"parent":486,"menu_order":0,"comment_status":"closed","ping_status":"closed","template":"","meta":{"footnotes":""},"class_list":["post-877","page","type-page","status-publish","has-post-thumbnail","hentry"],"_links":{"self":[{"href":"https:\/\/www.kaelberer-online.de\/services\/wp-json\/wp\/v2\/pages\/877","targetHints":{"allow":["GET"]}}],"collection":[{"href":"https:\/\/www.kaelberer-online.de\/services\/wp-json\/wp\/v2\/pages"}],"about":[{"href":"https:\/\/www.kaelberer-online.de\/services\/wp-json\/wp\/v2\/types\/page"}],"author":[{"embeddable":true,"href":"https:\/\/www.kaelberer-online.de\/services\/wp-json\/wp\/v2\/users\/2"}],"replies":[{"embeddable":true,"href":"https:\/\/www.kaelberer-online.de\/services\/wp-json\/wp\/v2\/comments?post=877"}],"version-history":[{"count":0,"href":"https:\/\/www.kaelberer-online.de\/services\/wp-json\/wp\/v2\/pages\/877\/revisions"}],"up":[{"embeddable":true,"href":"https:\/\/www.kaelberer-online.de\/services\/wp-json\/wp\/v2\/pages\/486"}],"wp:featuredmedia":[{"embeddable":true,"href":"https:\/\/www.kaelberer-online.de\/services\/wp-json\/wp\/v2\/media\/878"}],"wp:attachment":[{"href":"https:\/\/www.kaelberer-online.de\/services\/wp-json\/wp\/v2\/media?parent=877"}],"curies":[{"name":"wp","href":"https:\/\/api.w.org\/{rel}","templated":true}]}}