{"id":864,"date":"2022-03-05T07:56:43","date_gmt":"2022-03-05T07:56:43","guid":{"rendered":"https:\/\/kaelberer-online.de\/services\/?page_id=864"},"modified":"2022-03-05T07:56:43","modified_gmt":"2022-03-05T07:56:43","slug":"pc-reparatur-privat-gammelshausen","status":"publish","type":"page","link":"https:\/\/www.kaelberer-online.de\/services\/privat\/pc-reparatur-privat-gammelshausen\/","title":{"rendered":"PC Reparatur Privat f\u00fcr Gammelshausen &#8211; Telefon 07164 909700"},"content":{"rendered":"<h2>Ihr IT-Fachmann aus der n\u00e4chsten N\u00e4he: <span style=\"color: #4F81BD;\"><strong>kaelberer services<\/strong><\/span> &#8211; unser Unternehmen ist nur ungef\u00e4hr 5.3 Kilometer von Ihnen weg.<\/h2>\n<p>Bei unserer Unternehmung ist Ihre Home Computer-Reparatur in den allerbesten H\u00e4nden! Dar\u00fcber hinaus k\u00f6nnen wir gewissenhaft IT-Wartungen inklusive Virenentfernung an Ihrem Computer durchf\u00fchren. M\u00f6glicherweise ben\u00f6tigen Sie zuverl\u00e4ssige Kaufberatung, Datensicherung und PC-Aufr\u00fcstung? Dann sind wir der geeignete Partner!<\/p>\n<h2>Unsere Mitarbeiter in Zell unter Aichelberg legen gro\u00dfen Wert auf individuellen PC-Service f\u00fcr unsere Privaten Kunden.<\/h2>\n<p>Nehmen Sie mit uns Kontakt auf unter Telefon 07164 909700 und verlangen Sie unsere PC-Unterst\u00fctzung. Dieses Angebot gilt sowohl in unseren B\u00fcror\u00e4umen als auch via Fernwartung oder vor Ort bei Ihnen in Gammelshausen. Unsere Firma ist Ihre kompetente Personal Computer- Betreuung Ihr EDV-Profi<\/p>\n<h3>Die Services unserer Firma auf einen Blick:<\/h3>\n<ul>\n<li>Erweiterung von PC beziehungsweise Notebook<\/li>\n<li>Fehlerbeseitigung und Reparatur von Computern, Notebooks<\/li>\n<li>Sachkundige Abwicklung rund um PC und Datensicherung<\/li>\n<li>Manchmal kommt es vor: ein unachtsamer Moment \u2013 versehentlich falsche Taste bet\u00e4tigt und Daten sind gel\u00f6scht.<\/li>\n<li>Virenentfernung, Virenschutz und kompetente Sicherung Ihrer Daten<\/li>\n<li>Installation, Konfiguration von Ger\u00e4ten wie auch Software<\/li>\n<\/ul>\n<p><strong><span style=\"color: #FF0000;\">Zus\u00e4tzliche Angebote auf Anfrage Telefon: 07164 909700<\/span><\/strong><\/p>\n<h2>Installation von Ger\u00e4ten und Software<\/h2>\n<p>In unserer schnelllebigen Umgebung gibt es unabl\u00e4ssig \u00c4nderungen. Der Erwerb eines brandneuen Rechners, Druckers, Scanners oder einer Fritz box kann f\u00fcr den Laien sehr anspruchsvoll sein. Sie wissen nicht, wie neuartige Anwendungen genutzt werden? Dann unterst\u00fctzen wir Sie gern dabei. Nat\u00fcrlich geh\u00f6rt die Ger\u00e4te- sowie Installation von Software zu unseren T\u00e4tigkeiten.<\/p>\n<p>Personal Computer wie auch Notebook-Aufr\u00fcstung \u2013 zuverl\u00e4ssig und qualifiziert von kaelberer services.<\/p>\n<p>Technik steht niemals still. Damit Sie generell auf dem neuesten Status mit Ihrem Personalcomputer sind, m\u00fcsste von Zeit zu Zeit eine professionelle Aufr\u00fcstung durchgef\u00fchrt werden. Die Hardware-Aufr\u00fcstung ist bei uns in qualifizierter Hand.<\/p>\n<h2>Schadensabwicklung vom Profi<\/h2>\n<p>Sollte Ihr Personal Computer nicht mehr fehlerfrei funktionieren und das Smartphone oder Notebook l\u00e4diert ist, dann wenden Sie sich vertrauensvoll an kaelberer-services.<\/p>\n<p>Rund um Service f\u00fcr jegliche Personal Computer, egal welche Marke.<\/p>\n<p>Vielf\u00e4ltige Serviceleistungen, die Ihren PC und Laptop betreffen, \u00fcbernehmen unsere Experten mit reichlich Gewissenhaftigkeit. <span style=\"color: #4F81BD;\"><strong>kaelberer services<\/strong><\/span> ist Ihr kompetenter Partner f\u00fcr Services in Gammelshausen. Dabei ist unser Angebot ziemlich weit gef\u00e4chert. Dar\u00fcber hinaus bieten wir neben Personal Computer-Reparatur auch viele IT-Leistungen wie Backup, Softwareinstallation und Schulungen.<\/p>\n<h2>PC-Unterst\u00fctzung f\u00fcr Privatleute<\/h2>\n<p>Die Belange von Privaten Kunden erfordern h\u00e4ufig passende Services. Wir von kaelberer-services sind darauf eingestellt. Den \u00e4lteren Laptop m\u00fcssen Sie nicht gleich zum Wertstoffhof verfrachten, m\u00f6glicherweise ben\u00f6tigt er lediglich eine Runderneuerung und eine neuartige SSD-Festplatte. Hierbei gibt eine Reihe von Chancen, Nachhaltigkeit ins Spiel zu bringen.<\/p>\n<p><strong><cite>Personal Computer-Dienst im privaten Rahmen: <span style=\"color: #4F81BD;\"><strong>kaelberer services<\/strong><\/span> Telefon: 07164 909700 &#8211; | E-Mail: support@kaelberer-online.de<\/cite><\/strong><\/p>\n<p>[contact-form-7 id=&#8220;524&#8243; title=&#8220;PC-Reparatur-Privat&#8220;]<\/p>\n","protected":false},"excerpt":{"rendered":"<p>Ihr IT-Fachmann aus der n\u00e4chsten N\u00e4he: kaelberer services &#8211; unser Unternehmen ist nur ungef\u00e4hr 5.3 Kilometer von Ihnen weg. Bei unserer Unternehmung ist Ihre Home Computer-Reparatur in den allerbesten H\u00e4nden! Dar\u00fcber hinaus k\u00f6nnen wir gewissenhaft IT-Wartungen inklusive Virenentfernung an Ihrem Computer durchf\u00fchren. M\u00f6glicherweise ben\u00f6tigen Sie zuverl\u00e4ssige Kaufberatung, Datensicherung und PC-Aufr\u00fcstung? Dann sind wir der geeignete &hellip; <a href=\"https:\/\/www.kaelberer-online.de\/services\/privat\/pc-reparatur-privat-gammelshausen\/\" class=\"more-link\">Continue reading<span class=\"screen-reader-text\"> &#8222;PC Reparatur Privat f\u00fcr Gammelshausen &#8211; Telefon 07164 909700&#8220;<\/span><\/a><\/p>\n","protected":false},"author":2,"featured_media":865,"parent":486,"menu_order":0,"comment_status":"closed","ping_status":"closed","template":"","meta":{"footnotes":""},"class_list":["post-864","page","type-page","status-publish","has-post-thumbnail","hentry"],"_links":{"self":[{"href":"https:\/\/www.kaelberer-online.de\/services\/wp-json\/wp\/v2\/pages\/864","targetHints":{"allow":["GET"]}}],"collection":[{"href":"https:\/\/www.kaelberer-online.de\/services\/wp-json\/wp\/v2\/pages"}],"about":[{"href":"https:\/\/www.kaelberer-online.de\/services\/wp-json\/wp\/v2\/types\/page"}],"author":[{"embeddable":true,"href":"https:\/\/www.kaelberer-online.de\/services\/wp-json\/wp\/v2\/users\/2"}],"replies":[{"embeddable":true,"href":"https:\/\/www.kaelberer-online.de\/services\/wp-json\/wp\/v2\/comments?post=864"}],"version-history":[{"count":0,"href":"https:\/\/www.kaelberer-online.de\/services\/wp-json\/wp\/v2\/pages\/864\/revisions"}],"up":[{"embeddable":true,"href":"https:\/\/www.kaelberer-online.de\/services\/wp-json\/wp\/v2\/pages\/486"}],"wp:featuredmedia":[{"embeddable":true,"href":"https:\/\/www.kaelberer-online.de\/services\/wp-json\/wp\/v2\/media\/865"}],"wp:attachment":[{"href":"https:\/\/www.kaelberer-online.de\/services\/wp-json\/wp\/v2\/media?parent=864"}],"curies":[{"name":"wp","href":"https:\/\/api.w.org\/{rel}","templated":true}]}}