{"id":792,"date":"2021-12-27T02:10:58","date_gmt":"2021-12-27T02:10:58","guid":{"rendered":"https:\/\/kaelberer-online.de\/services\/?page_id=792"},"modified":"2021-12-27T02:10:58","modified_gmt":"2021-12-27T02:10:58","slug":"telefonanlage-aerzte-uhingen","status":"publish","type":"page","link":"https:\/\/www.kaelberer-online.de\/services\/telefonanlagen\/telefonanlage-aerzte-uhingen\/","title":{"rendered":"Telefonanlage f\u00fcr \u00c4rzte in Uhingen &#8211; Beratung: Telefon 07164 909700"},"content":{"rendered":"<h2>Modernste Telefonanlagen f\u00fcr \u00c4rzte: Ma\u00dfgeschneidert und effektiv. Unsere Firma ist nur 3.1 km von Ihnen weg, wenn Sie vor Ort Unterst\u00fctzung oder Support ben\u00f6tigen.<\/h2>\n<p>In den meisten Arztpraxen steht das Telefon niemals still. Besorgte Patienten rufen an weil sie bereits vor dem Arzttermin eine Vielzahl Informationen ben\u00f6tigen, die sie im Voraus gekl\u00e4rt haben wollen. Nebst den organisatorischen Fragen nach Termin sowie Gesch\u00e4ftszeiten der Praxis, ruft eine gro\u00dfe Anzahl Patienten an, die sich in einer Behandlung befinden, um ein Rezept verordnet zu bekommen. Da sie diesen Wunsch nur w\u00e4hrend eines bestimmten Zeitfensters \u00e4u\u00dfern k\u00f6nnen, kann es f\u00fcr den einen oder anderen Patienten ein \u00c4rgernis sein, niemand zu erreichen.<\/p>\n<h2>IP-Telefonanlagen \u2013 fortschrittlich und praktisch f\u00fcr die Praxis<\/h2>\n<p>Ein enger Austausch mit Patientinnen und Patienten kann nur mit einer voll funktionst\u00fcchtigen TK-Anlage erhalten werden. Bislang stand einer Arztpraxis zu diesem Zweck anstatt einer analogen L\u00f6sung, die ISDN Technik zur Verf\u00fcgung. Ma\u00dfgeschneidert installierte Telefonanlagen erschienen den meisten Praxisinhabern zu hochpreisig.<\/p>\n<h2>Tolle IP-Technologie macht es realisierbar \u2013 zugeschnittene Anrufsteuerung zum vern\u00fcnftigen Anschaffungspreis.<\/h2>\n<p>Hierbei unterst\u00fctzen Sie besondere Anrufbeantworter mit Ansagetexten, welche der individuellen Sachlage angepasst werden k\u00f6nnen. Auf diese Weise kann der Anrufer prompt davon in Kenntnis gesetzt werden, zu welchem Zeitpunkt die Praxis wieder erreichbar ist und wann die allgemeinen Sprechzeiten sind.<\/p>\n<h2>Kommunikation ohne viel Arbeitsaufwand \u2013 leistungsf\u00e4hige IP-Telefon-Anlage f\u00fcr Praxen<\/h2>\n<p>Nebst den optimalen Ansagetexten kann etwa auch das Smartphone in die Telefonanlage einbezogen werden. So k\u00f6nnen Sie zu jeder Zeit erreichbar sein, wann immer Sie es f\u00fcr vonn\u00f6ten halten.<\/p>\n<p>Sofern Sie einen Notebook mit dem Betriebssystem Windows verwenden, dann steht Ihnen zum W\u00e4hlen per Mausklick die sogenannte TAPI Funktion zur Verf\u00fcgung. Und TAPI erkennt eingehende Rufnummern und zeigt Ihnen nach Wunsch den Anrufer Beispielsweise in Ihrer Patientenverwaltung auf Anhieb an.<\/p>\n<p>Viele Praxen sind noch immer auf eine Faxfunktion angewiesen, da manches Mal Werte aus einem Labor zeitnah ben\u00f6tigt werden. Die computergesteuerte IP-Telefonanlage ist in der Lage, das Fax via E-Mail-Nachricht weiterzuleiten. Auf diese Weise wird keinerlei extra Papier ben\u00f6tigt und die Werte sind danach unmittelbar im Rechner abrufbar. Au\u00dferdem k\u00f6nnen entscheidende Laborwerte dadurch in jedem Behandlungsraum ausgewertet und wenn gew\u00fcnscht mit dem Patienten diskutiert werden. Mit Hilfe der TK-Anlage k\u00f6nnen Sie nat\u00fcrlich auch selber Telefaxe versenden.<\/p>\n<p><strong><\/p>\n<p>Eine IP-TK-Anlage hilft Ihnen, Zeit einzusparen, die Ihren Patienten zugutekommen kann. IP-TK-Anlagen  verbessern die Kommunikation und maximieren die Zufriedenheit.<\/p>\n<p><\/strong><\/p>\n<p>Sollten Sie sich eine individuell angepasste IP-Telefonanlage f\u00fcr Ihre Praxis, die keineswegs die Welt kostet, w\u00fcnschen, dann rufen Sie uns einfach bei uns an! Dank unserer langj\u00e4hrigen Erfahrung in diesem Gebiet k\u00f6nnen wir Sie detailliert informieren und \u00fcber den aktuellen Stand der IP-TK-Anlagen-Technik informieren.<\/p>\n<p><span style=\"color: #4F81BD;\"><\/p>\n<h2>Kundenberatung Telefonanlagen f\u00fcr Praxen<\/h2>\n<p><\/span><\/p>\n<p><strong>Telefon: 07164909700<\/strong> &#8211; <strong>E-Mail: support@kaelberer-online.de<\/strong> oder \u00fcber das nachstehende Kontaktformular, wir freuen uns auf Ihre Nachricht &#8211; <strong>Unsere Firma ist ganz in Ihrer N\u00e4he!<\/strong><\/p>\n<p>[contact-form-7 id=&#8220;482&#8243; title=&#8220;Kontakt Telefonanlagen f\u00fcr Aerzte&#8220;]<\/p>\n","protected":false},"excerpt":{"rendered":"<p>Modernste Telefonanlagen f\u00fcr \u00c4rzte: Ma\u00dfgeschneidert und effektiv. Unsere Firma ist nur 3.1 km von Ihnen weg, wenn Sie vor Ort Unterst\u00fctzung oder Support ben\u00f6tigen. In den meisten Arztpraxen steht das Telefon niemals still. Besorgte Patienten rufen an weil sie bereits vor dem Arzttermin eine Vielzahl Informationen ben\u00f6tigen, die sie im Voraus gekl\u00e4rt haben wollen. Nebst &hellip; <a href=\"https:\/\/www.kaelberer-online.de\/services\/telefonanlagen\/telefonanlage-aerzte-uhingen\/\" class=\"more-link\">Continue reading<span class=\"screen-reader-text\"> &#8222;Telefonanlage f\u00fcr \u00c4rzte in Uhingen &#8211; Beratung: Telefon 07164 909700&#8220;<\/span><\/a><\/p>\n","protected":false},"author":2,"featured_media":793,"parent":26,"menu_order":0,"comment_status":"closed","ping_status":"open","template":"","meta":{"footnotes":""},"class_list":["post-792","page","type-page","status-publish","has-post-thumbnail","hentry"],"_links":{"self":[{"href":"https:\/\/www.kaelberer-online.de\/services\/wp-json\/wp\/v2\/pages\/792","targetHints":{"allow":["GET"]}}],"collection":[{"href":"https:\/\/www.kaelberer-online.de\/services\/wp-json\/wp\/v2\/pages"}],"about":[{"href":"https:\/\/www.kaelberer-online.de\/services\/wp-json\/wp\/v2\/types\/page"}],"author":[{"embeddable":true,"href":"https:\/\/www.kaelberer-online.de\/services\/wp-json\/wp\/v2\/users\/2"}],"replies":[{"embeddable":true,"href":"https:\/\/www.kaelberer-online.de\/services\/wp-json\/wp\/v2\/comments?post=792"}],"version-history":[{"count":0,"href":"https:\/\/www.kaelberer-online.de\/services\/wp-json\/wp\/v2\/pages\/792\/revisions"}],"up":[{"embeddable":true,"href":"https:\/\/www.kaelberer-online.de\/services\/wp-json\/wp\/v2\/pages\/26"}],"wp:featuredmedia":[{"embeddable":true,"href":"https:\/\/www.kaelberer-online.de\/services\/wp-json\/wp\/v2\/media\/793"}],"wp:attachment":[{"href":"https:\/\/www.kaelberer-online.de\/services\/wp-json\/wp\/v2\/media?parent=792"}],"curies":[{"name":"wp","href":"https:\/\/api.w.org\/{rel}","templated":true}]}}