{"id":623,"date":"2021-12-08T17:45:40","date_gmt":"2021-12-08T17:45:40","guid":{"rendered":"https:\/\/kaelberer-online.de\/services\/?page_id=623"},"modified":"2021-12-08T17:45:40","modified_gmt":"2021-12-08T17:45:40","slug":"pc-service-privat-wiesensteig","status":"publish","type":"page","link":"https:\/\/www.kaelberer-online.de\/services\/privat\/pc-service-privat-wiesensteig\/","title":{"rendered":"PC Service Privat f\u00fcr Wiesensteig &#8211; Telefon 07164 909700"},"content":{"rendered":"<h2>Ihr IT-Fachmann aus der n\u00e4chsten N\u00e4he: <span style=\"color: #4F81BD;\"><strong>kaelberer services<\/strong><\/span> &#8211; wir sind nur rund 6.9 Km von Ihnen entfernt.<\/h2>\n<p>Bei unserer Firma ist Ihre Rechner-Fehlerbeseitigung in den besten H\u00e4nden! Au\u00dferdem f\u00fchren wir zuverl\u00e4ssig IT-Wartungen inklusive Virenentfernung an Ihrem Notebook durch. Vielleicht ben\u00f6tigen Sie g\u00fcnstige und professionelle Kaufberatung, Datensicherung sowie Personal Computer-Aufr\u00fcstung? Dann sind wir der perfekte Ansprechpartner!<\/p>\n<h2>Unsere Spezialisten in Zell unter Aichelberg legen gro\u00dfen Wert auf pers\u00f6nlichen PC-Service f\u00fcr unsere Privatkunden.<\/h2>\n<p>Nehmen Sie mit uns Kontakt auf unter E-Mail: support@kaelberer-online.de und fordern Sie unsere PC-Unterst\u00fctzung an. Dieses Angebot gilt sowohl in unseren R\u00e4umlichkeiten wie auch \u00fcber Fernwartung oder vor Ort bei Ihnen in Wiesensteig. Unsere Firma ist Ihre kompetente Heimcomputer- Betreuung Ihr EDV-Fachmann<\/p>\n<h3>Unsere Serviceleistungen auf einen Blick:<\/h3>\n<ul>\n<li>Manchmal kommt es vor: ein unachtsamer Moment \u2013 versehentlich falsche Taste bet\u00e4tigt und Daten sind gel\u00f6scht.<\/li>\n<li>Virenentfernung, Virenschutz wie auch kompetente Datensicherung<\/li>\n<li>Erweiterung von PC sowie Laptop<\/li>\n<li>Unsere Firma steht Ihnen in jeder Lage rund um Personalcomputer sowie Laptop mit bestem Wissen zur Seite.<\/li>\n<li>Fehlerbeseitigung und Reparatur von Computern, Notebooks<\/li>\n<li>Installation von Ger\u00e4tschaft wie auch Software<\/li>\n<\/ul>\n<p><strong><span style=\"color: #FF0000;\">Mehr Dienstleistungen auf Anfrage Telefon: 07164 909700<\/span><\/strong><\/p>\n<h2>Inbetriebnahme von Ger\u00e4ten und Softwarel\u00f6sungen<\/h2>\n<p>In unserer sich rasant ver\u00e4ndernden Welt gibt es dauernd Innovationen. Die Anschaffung eines neuen Computers, Druckers, Scanners oder einer Fritz box kann f\u00fcr den Unerfahrenen \u00fcberaus fordernd sein. Sie wissen nicht, wie neuartige Programme genutzt werden k\u00f6nnen? Dann supporten wir Sie gerne dabei. Selbstverst\u00e4ndlich z\u00e4hlt eine Ger\u00e4te- wie auch Softwareinstallation zu unseren Arbeiten.<\/p>\n<p>PC wie auch Laptop-Aufr\u00fcstung \u2013 verl\u00e4sslich und fachkundig von kaelberer services.<\/p>\n<p>Die Technik steht niemals still. Um Ihren Heimcomputer auf dem neuesten Status zu halten, sollte von Zeit zu Zeit eine fachm\u00e4nnische Aufr\u00fcstung gemacht werden. Ihre Hardware-Aufr\u00fcstung ist bei uns in professioneller Hand.<\/p>\n<h2>Wenn der Personalcomputer mal defekt ist<\/h2>\n<p>Wenn Ihr Personalcomputer nicht mehr korrekt funktioniert sowie das Mobiltelefon oder der Laptop kaputt ist, dann wenden Sie sich vertrauensvoll an uns.<\/p>\n<p>Vollservice f\u00fcr s\u00e4mtliche Personal Computer, egal wie alt.<\/p>\n<p>Umfassende Service-Leistungen, die Ihren PC und Laptop betreffen, \u00fcbernimmt unser Fachbetrieb mit reichlich Sorgfalt. <span style=\"color: #4F81BD;\"><strong>kaelberer services<\/strong><\/span> ist Ihr qualifizierter Partner f\u00fcr Services in Wiesensteig. Dabei ist unser Angebotsspektrum sehr weit gef\u00e4chert. Im \u00dcbrigen bieten wir neben Rechner-Reparatur auch weitreichende IT-Leistungen wie Datensicherung, Softwareinstallation und Einzelschulungen.<\/p>\n<h2>Heimcomputer-Support f\u00fcr Privatleute<\/h2>\n<p>Die Bed\u00fcrfnisse von Privaten Kunden erfordern oft individuelle L\u00f6sungen. Unsere Firma ist darauf eingestellt. Den \u00e4lteren Laptop m\u00fcssen Sie nicht zum Altstoffsammelzentrum verfrachten, vermutlich ben\u00f6tigt er nur eine General\u00fcberholung und eine neuartige SSD-Harddisk. Hierbei gibt eine gro\u00dfe Anzahl von L\u00f6sungen, Nachhaltigkeit ins Spiel zu bringen.<\/p>\n<p><strong><cite>Personalcomputer-Dienst im privaten Rahmen: <span style=\"color: #4F81BD;\"><strong>kaelberer services<\/strong><\/span> Telefon: 07164 909700 &#8211; | E-Mail: support@kaelberer-online.de<\/cite><\/strong><\/p>\n<p>[contact-form-7 id=&#8220;524&#8243; title=&#8220;PC-Service-Privat&#8220;]<\/p>\n","protected":false},"excerpt":{"rendered":"<p>Ihr IT-Fachmann aus der n\u00e4chsten N\u00e4he: kaelberer services &#8211; wir sind nur rund 6.9 Km von Ihnen entfernt. Bei unserer Firma ist Ihre Rechner-Fehlerbeseitigung in den besten H\u00e4nden! Au\u00dferdem f\u00fchren wir zuverl\u00e4ssig IT-Wartungen inklusive Virenentfernung an Ihrem Notebook durch. Vielleicht ben\u00f6tigen Sie g\u00fcnstige und professionelle Kaufberatung, Datensicherung sowie Personal Computer-Aufr\u00fcstung? Dann sind wir der perfekte &hellip; <a href=\"https:\/\/www.kaelberer-online.de\/services\/privat\/pc-service-privat-wiesensteig\/\" class=\"more-link\">Continue reading<span class=\"screen-reader-text\"> &#8222;PC Service Privat f\u00fcr Wiesensteig &#8211; Telefon 07164 909700&#8220;<\/span><\/a><\/p>\n","protected":false},"author":2,"featured_media":624,"parent":486,"menu_order":0,"comment_status":"closed","ping_status":"closed","template":"","meta":{"footnotes":""},"class_list":["post-623","page","type-page","status-publish","has-post-thumbnail","hentry"],"_links":{"self":[{"href":"https:\/\/www.kaelberer-online.de\/services\/wp-json\/wp\/v2\/pages\/623","targetHints":{"allow":["GET"]}}],"collection":[{"href":"https:\/\/www.kaelberer-online.de\/services\/wp-json\/wp\/v2\/pages"}],"about":[{"href":"https:\/\/www.kaelberer-online.de\/services\/wp-json\/wp\/v2\/types\/page"}],"author":[{"embeddable":true,"href":"https:\/\/www.kaelberer-online.de\/services\/wp-json\/wp\/v2\/users\/2"}],"replies":[{"embeddable":true,"href":"https:\/\/www.kaelberer-online.de\/services\/wp-json\/wp\/v2\/comments?post=623"}],"version-history":[{"count":0,"href":"https:\/\/www.kaelberer-online.de\/services\/wp-json\/wp\/v2\/pages\/623\/revisions"}],"up":[{"embeddable":true,"href":"https:\/\/www.kaelberer-online.de\/services\/wp-json\/wp\/v2\/pages\/486"}],"wp:featuredmedia":[{"embeddable":true,"href":"https:\/\/www.kaelberer-online.de\/services\/wp-json\/wp\/v2\/media\/624"}],"wp:attachment":[{"href":"https:\/\/www.kaelberer-online.de\/services\/wp-json\/wp\/v2\/media?parent=623"}],"curies":[{"name":"wp","href":"https:\/\/api.w.org\/{rel}","templated":true}]}}