{"id":621,"date":"2021-11-27T06:36:45","date_gmt":"2021-11-27T06:36:45","guid":{"rendered":"https:\/\/kaelberer-online.de\/services\/?page_id=621"},"modified":"2021-11-27T06:36:45","modified_gmt":"2021-11-27T06:36:45","slug":"pc-service-privat-wernau","status":"publish","type":"page","link":"https:\/\/www.kaelberer-online.de\/services\/privat\/pc-service-privat-wernau\/","title":{"rendered":"PC Service Privat in Wernau &#8211; Telefon 07164 909700"},"content":{"rendered":"<h2>Ihr IT-Profi in der nahe gelegenen Gegend: <span style=\"color: #4F81BD;\"><strong>kaelberer services<\/strong><\/span> &#8211; wir sind nur ungef\u00e4hr 9.8 Kilometer von Ihnen weg.<\/h2>\n<p>Bei unserer Unternehmung ist Ihre Computer-Reparatur in den allerbesten H\u00e4nden! Au\u00dferdem k\u00f6nnen wir gewissenhaft IT-Wartungen inklusive Virenentfernung an Ihrem Laptop durchf\u00fchren. Eventuell ben\u00f6tigen Sie fachgem\u00e4\u00dfe Kaufberatung, Datensicherung oder Personal Computer-Aufr\u00fcstung? Dann sind wir der richtige Ansprechpartner!<\/p>\n<h2>Unsere Spezialisten in Zell u. A. legen besonderen Wert auf pers\u00f6nlichen EDV-Service f\u00fcr unsere Privatkunden.<\/h2>\n<p>Nehmen Sie mit uns Kontakt auf unter E-Mail: support@kaelberer-online.de und verlangen Sie unsere PC-Unterst\u00fctzung. Dieses Angebot gilt sowohl in unseren B\u00fcror\u00e4umen als auch via Fernwartung oder vor Ort bei Ihnen in Wernau. Wir sind Ihre kompetente Heimcomputer- Betreuung Ihr EDV-Fachmann<\/p>\n<h3>Die Services unserer Firma auf einen Blick:<\/h3>\n<ul>\n<li>Virenentfernung, Virenschutz wie auch professionelle Sicherung Ihrer Daten<\/li>\n<li>Installation, Konfiguration von Ger\u00e4ten und Software<\/li>\n<li>Fehlerbeseitigung und Instandsetzung von PCs, Notebooks<\/li>\n<li>Unsere Firma steht Ihnen in jeder Lage rund um Personalcomputer und Laptop mit bestem Know How zur Seite.<\/li>\n<li>Professionelle Abwicklung rund um PC und Backup<\/li>\n<\/ul>\n<p><strong><span style=\"color: #FF0000;\">Weitere Leistungen auf Anfrage Tel.: 07164 909700<\/span><\/strong><\/p>\n<h2>Installation von Komponennten und Softwarel\u00f6sungen<\/h2>\n<p>In unserer schnelllebigen Umgebung gibt es beharrlich Neuerungen. Der Erwerb eines aktuellen Computers, Druckers, Scanners oder einer Fritz box kann f\u00fcr den Unerfahrenen ausgesprochen herausfordernd sein. Sie haben weder Zeit noch Wissen, wie moderne Anwendungen benutzt werden? Dann betreuen wir Sie nat\u00fcrlich dabei. Selbstverst\u00e4ndlich z\u00e4hlt die Ger\u00e4te- sowie Installation von Software zu unseren Aufgaben.<\/p>\n<p>Rechner wie auch Notebook-Aufr\u00fcstung \u2013 zuverl\u00e4ssig und professionell von kaelberer services.<\/p>\n<p>Die Technik steht nie still. Um Ihren Personal Computer auf dem neusten Stand zu halten, sollte von Zeit zu Zeit eine professionelle Aufr\u00fcstung gemacht werden. Die Hardware-Aufr\u00fcstung ist bei uns in qualifizierter Hand.<\/p>\n<h2>Wenn es Heimcomputer-Probleme gibt<\/h2>\n<p>Sollte Ihr PC nicht mehr korrekt funktionieren oder das Handy oder Notebook l\u00e4diert ist, dann wenden Sie sich vertrauensvoll an uns.<\/p>\n<p>Vollservice f\u00fcr s\u00e4mtliche Rechner, egal welches Model.<\/p>\n<p>Weitreichende Mehrwerte, die Ihren Rechner und Laptop betreffen, \u00fcbernehmen unsere Experten mit reichlich Gewissenhaftigkeit. <span style=\"color: #4F81BD;\"><strong>kaelberer services<\/strong><\/span> ist Ihr erfahrener Profi f\u00fcr Services in Wernau. Hierbei ist das Angebot sehr weit gef\u00e4chert. Zudem bieten wir neben PC-Reparatur auch viele EDV-Leistungen wie Backup, Installation von Software und Einzelschulungen.<\/p>\n<h2>PC-Support f\u00fcr Privatleute<\/h2>\n<p>Die W\u00fcnsche von Privaten Kunden erfordern oft ma\u00dfgeschneiderte L\u00f6sungen. Unsere Firma ist darauf eingestellt. Ihren \u00e4lteren Laptop m\u00fcssen Sie nicht zum Wertstoffhof transportieren, wom\u00f6glich ben\u00f6tigt er nur eine Runderneuerung sowie eine neue SSD-Harddisk. In diesem Fall gibt eine Vielzahl von L\u00f6sungen, Nachhaltigkeit ins Spiel zu bringen.<\/p>\n<p><strong><cite>Rechner-Dienst im privaten Bereich: <span style=\"color: #4F81BD;\"><strong>kaelberer services<\/strong><\/span> Telefon: 07164 909700 &#8211; | E-Mail: support@kaelberer-online.de<\/cite><\/strong><\/p>\n<p>[contact-form-7 id=&#8220;524&#8243; title=&#8220;PC-Service-Privat&#8220;]<\/p>\n","protected":false},"excerpt":{"rendered":"<p>Ihr IT-Profi in der nahe gelegenen Gegend: kaelberer services &#8211; wir sind nur ungef\u00e4hr 9.8 Kilometer von Ihnen weg. Bei unserer Unternehmung ist Ihre Computer-Reparatur in den allerbesten H\u00e4nden! Au\u00dferdem k\u00f6nnen wir gewissenhaft IT-Wartungen inklusive Virenentfernung an Ihrem Laptop durchf\u00fchren. Eventuell ben\u00f6tigen Sie fachgem\u00e4\u00dfe Kaufberatung, Datensicherung oder Personal Computer-Aufr\u00fcstung? Dann sind wir der richtige Ansprechpartner! &hellip; <a href=\"https:\/\/www.kaelberer-online.de\/services\/privat\/pc-service-privat-wernau\/\" class=\"more-link\">Continue reading<span class=\"screen-reader-text\"> &#8222;PC Service Privat in Wernau &#8211; Telefon 07164 909700&#8220;<\/span><\/a><\/p>\n","protected":false},"author":2,"featured_media":622,"parent":486,"menu_order":0,"comment_status":"closed","ping_status":"closed","template":"","meta":{"footnotes":""},"class_list":["post-621","page","type-page","status-publish","has-post-thumbnail","hentry"],"_links":{"self":[{"href":"https:\/\/www.kaelberer-online.de\/services\/wp-json\/wp\/v2\/pages\/621","targetHints":{"allow":["GET"]}}],"collection":[{"href":"https:\/\/www.kaelberer-online.de\/services\/wp-json\/wp\/v2\/pages"}],"about":[{"href":"https:\/\/www.kaelberer-online.de\/services\/wp-json\/wp\/v2\/types\/page"}],"author":[{"embeddable":true,"href":"https:\/\/www.kaelberer-online.de\/services\/wp-json\/wp\/v2\/users\/2"}],"replies":[{"embeddable":true,"href":"https:\/\/www.kaelberer-online.de\/services\/wp-json\/wp\/v2\/comments?post=621"}],"version-history":[{"count":0,"href":"https:\/\/www.kaelberer-online.de\/services\/wp-json\/wp\/v2\/pages\/621\/revisions"}],"up":[{"embeddable":true,"href":"https:\/\/www.kaelberer-online.de\/services\/wp-json\/wp\/v2\/pages\/486"}],"wp:featuredmedia":[{"embeddable":true,"href":"https:\/\/www.kaelberer-online.de\/services\/wp-json\/wp\/v2\/media\/622"}],"wp:attachment":[{"href":"https:\/\/www.kaelberer-online.de\/services\/wp-json\/wp\/v2\/media?parent=621"}],"curies":[{"name":"wp","href":"https:\/\/api.w.org\/{rel}","templated":true}]}}