{"id":610,"date":"2021-12-03T13:26:37","date_gmt":"2021-12-03T13:26:37","guid":{"rendered":"https:\/\/kaelberer-online.de\/services\/?page_id=610"},"modified":"2021-12-03T13:26:37","modified_gmt":"2021-12-03T13:26:37","slug":"pc-service-privat-reichenbach-an-der-fils","status":"publish","type":"page","link":"https:\/\/www.kaelberer-online.de\/services\/privat\/pc-service-privat-reichenbach-an-der-fils\/","title":{"rendered":"PC Service Privat f\u00fcr Reichenbach an der Fils &#8211; Tel. 07164 909700"},"content":{"rendered":"<h2>Ihr IT-Fachmann in der nahe gelegenen Gegend: <span style=\"color: #4F81BD;\"><strong>kaelberer services<\/strong><\/span> &#8211; wir sind nur ungef\u00e4hr 9.4 Km von Ihnen entfernt.<\/h2>\n<p>Bei unserer Firma ist Ihre Computer-Fehlerbeseitigung in den allerbesten H\u00e4nden! Dar\u00fcber hinaus k\u00f6nnen wir zuverl\u00e4ssig IT-Wartungen inklusive Virenentfernung an Ihrem Computer durchf\u00fchren. Vielleicht brauchen Sie gute und preiswerte Kaufberatung, Datensicherung sowie Heimcomputer-Aufr\u00fcstung? In diesem Fall sind wir der ideale Partner!<\/p>\n<h2>Unsere Spezialisten in Zell unter Aichelberg legen gro\u00dfen Wert auf pers\u00f6nlichen EDV-Service f\u00fcr unsere Privatkunden.<\/h2>\n<p>Nehmen Sie mit uns Kontakt auf unter E-Mail: support@kaelberer-online.de und verlangen Sie unsere PC-Unterst\u00fctzung. Dieses Angebot gilt sowohl in unseren R\u00e4umlichkeiten als auch via Fernwartung oder vor Ort bei Ihnen in Reichenbach an der Fils. Unsere Firma ist Ihre kompetente Personal Computer- Betreuung Ihr IT-Fachmann<\/p>\n<h3>Die Services unserer Firma auf einen Blick:<\/h3>\n<ul>\n<li>Aufr\u00fcstung von Personal Computer beziehungsweise Notebook<\/li>\n<li>Virenentfernung, Virenschutz und g\u00fcnstige und professionelle Datensicherung<\/li>\n<li>Installation, Konfiguration von Ger\u00e4tschaft und Software<\/li>\n<li>Fehlerbehebung und Instandsetzung von Computern, Laptops<\/li>\n<li>Unsere Firma steht Ihnen in jeder Situation rund um PC und Notebook mit bestem Know How zur Seite.<\/li>\n<li>Kompetente Abwicklung rund um Personal Computer und Datensicherung<\/li>\n<li>Es kommt \u00f6fter vor, als gedacht: ein Moment in dem man nicht aufpasst \u2013 falsche Taste bet\u00e4tigt und Daten sind gel\u00f6scht.<\/li>\n<\/ul>\n<p><strong><span style=\"color: #FF0000;\">Zus\u00e4tzliche Services auf Anfrage Tel.: 07164 909700<\/span><\/strong><\/p>\n<h2>Installation von Komponennten oder Software<\/h2>\n<p>In unserer schnelllebigen Umgebung gibt es dauerhaft Innovationen. Der Erwerb eines aktuellen PCs, Druckers, Scanners oder einer Fritz box kann f\u00fcr den Unerfahrenen ausgesprochen anspruchsvoll sein. Sie wissen nicht, wie moderne Softwareprogramme genutzt werden k\u00f6nnen? Dann supporten wir Sie gerne dabei. Nat\u00fcrlich z\u00e4hlt eine Ger\u00e4te- sowie Softwareinstallation zu unseren T\u00e4tigkeiten.<\/p>\n<p>Heimcomputer und Notebook-Aufr\u00fcstung \u2013 verl\u00e4sslich und fachkundig von kaelberer services.<\/p>\n<p>Die Technik steht niemals still. Um Ihren Personal Computer auf dem neusten Stand zu halten, m\u00fcsste ab und zu eine fachm\u00e4nnische Aufr\u00fcstung durchgef\u00fchrt werden. Ihre Hardware-Aufr\u00fcstung ist bei uns in professioneller Hand.<\/p>\n<h2>Schadensabwicklung vom Experten<\/h2>\n<p>Sollte Ihr PC nicht mehr korrekt funktionieren und das Mobiltelefon oder der Laptop kaputt ist, dann wenden Sie sich vertrauensvoll an kaelberer-services.<\/p>\n<p>Rund um Service f\u00fcr alle Heimcomputer, egal welche Marke.<\/p>\n<p>Vielf\u00e4ltige Services, die Ihren Rechner und Laptop betreffen, \u00fcbernehmen unsere Experten mit jeder Menge Genauigkeit. Unsere Firm ist Ihr versierter Partner f\u00fcr Services in Reichenbach an der Fils. Hierbei ist das Angebotsspektrum sehr breit gef\u00e4chert. Au\u00dferdem offerieren wir neben Heimcomputer-Reparatur auch viele IT-Dienstleistungen wie Datensicherung, Softwareinstallation und Schulungen.<\/p>\n<h2>Rechner-Support f\u00fcr Private Kunden<\/h2>\n<p>Die Bed\u00fcrfnisse von Privatleuten ben\u00f6tigen h\u00e4ufig individuelle Services. Wir von kaelberer-services sind darauf eingestellt. Ihren \u00e4lteren Laptop m\u00fcssen Sie nicht gleich zum Wertstoffhof verfrachten, m\u00f6glicherweise ben\u00f6tigt er lediglich eine General\u00fcberholung oder eine neue SSD-Festplatte. Hierbei gibt eine Reihe von Optionen, Nachhaltigkeit ins Spiel zu bringen.<\/p>\n<p><strong><cite>Heimcomputer-Dienst im privaten Rahmen: <span style=\"color: #4F81BD;\"><strong>kaelberer services<\/strong><\/span> Telefon: 07164 909700 &#8211; | E-Mail: support@kaelberer-online.de<\/cite><\/strong><\/p>\n<p>[contact-form-7 id=&#8220;524&#8243; title=&#8220;PC-Service-Privat&#8220;]<\/p>\n","protected":false},"excerpt":{"rendered":"<p>Ihr IT-Fachmann in der nahe gelegenen Gegend: kaelberer services &#8211; wir sind nur ungef\u00e4hr 9.4 Km von Ihnen entfernt. Bei unserer Firma ist Ihre Computer-Fehlerbeseitigung in den allerbesten H\u00e4nden! Dar\u00fcber hinaus k\u00f6nnen wir zuverl\u00e4ssig IT-Wartungen inklusive Virenentfernung an Ihrem Computer durchf\u00fchren. Vielleicht brauchen Sie gute und preiswerte Kaufberatung, Datensicherung sowie Heimcomputer-Aufr\u00fcstung? In diesem Fall sind &hellip; <a href=\"https:\/\/www.kaelberer-online.de\/services\/privat\/pc-service-privat-reichenbach-an-der-fils\/\" class=\"more-link\">Continue reading<span class=\"screen-reader-text\"> &#8222;PC Service Privat f\u00fcr Reichenbach an der Fils &#8211; Tel. 07164 909700&#8220;<\/span><\/a><\/p>\n","protected":false},"author":2,"featured_media":0,"parent":486,"menu_order":0,"comment_status":"closed","ping_status":"closed","template":"","meta":{"footnotes":""},"class_list":["post-610","page","type-page","status-publish","hentry"],"_links":{"self":[{"href":"https:\/\/www.kaelberer-online.de\/services\/wp-json\/wp\/v2\/pages\/610","targetHints":{"allow":["GET"]}}],"collection":[{"href":"https:\/\/www.kaelberer-online.de\/services\/wp-json\/wp\/v2\/pages"}],"about":[{"href":"https:\/\/www.kaelberer-online.de\/services\/wp-json\/wp\/v2\/types\/page"}],"author":[{"embeddable":true,"href":"https:\/\/www.kaelberer-online.de\/services\/wp-json\/wp\/v2\/users\/2"}],"replies":[{"embeddable":true,"href":"https:\/\/www.kaelberer-online.de\/services\/wp-json\/wp\/v2\/comments?post=610"}],"version-history":[{"count":0,"href":"https:\/\/www.kaelberer-online.de\/services\/wp-json\/wp\/v2\/pages\/610\/revisions"}],"up":[{"embeddable":true,"href":"https:\/\/www.kaelberer-online.de\/services\/wp-json\/wp\/v2\/pages\/486"}],"wp:attachment":[{"href":"https:\/\/www.kaelberer-online.de\/services\/wp-json\/wp\/v2\/media?parent=610"}],"curies":[{"name":"wp","href":"https:\/\/api.w.org\/{rel}","templated":true}]}}