{"id":598,"date":"2021-11-22T21:11:42","date_gmt":"2021-11-22T21:11:42","guid":{"rendered":"https:\/\/kaelberer-online.de\/services\/?page_id=598"},"modified":"2021-11-22T21:11:42","modified_gmt":"2021-11-22T21:11:42","slug":"pc-service-privat-muehlhausen-im-taele","status":"publish","type":"page","link":"https:\/\/www.kaelberer-online.de\/services\/privat\/pc-service-privat-muehlhausen-im-taele\/","title":{"rendered":"PC Service Privat f\u00fcr M\u00fchlhausen im T\u00e4le &#8211; Tel. 07164 909700"},"content":{"rendered":"<h2>Ihr IT-Spezialist in der nahe gelegenen Umgebung: <span style=\"color: #4F81BD;\"><strong>kaelberer services<\/strong><\/span> &#8211; unser Unternehmen ist nur ungef\u00e4hr 8.6 Kilometer von Ihnen weg.<\/h2>\n<p>Bei uns ist Ihre Personal Computer-Fehlerbehebung in den allerbesten H\u00e4nden! Dar\u00fcber hinaus k\u00f6nnen wir gewissenhaft IT-Wartungen inklusive Virenentfernung an Ihrem Notebook durchf\u00fchren. Eventuell ben\u00f6tigen Sie kompetente Kaufberatung, Datensicherung und PC-Aufr\u00fcstung? Dann sind wir der richtige Experte!<\/p>\n<h2>Unsere Mitarbeiter in Zell unter Aichelberg legen besonderen Wert auf individuellen EDV-Service f\u00fcr unsere Privaten Klienten.<\/h2>\n<p>Nehmen Sie mit uns Kontakt auf unter Telefon 07164 909700 und verlangen Sie unsere PC-Unterst\u00fctzung. Dieses Angebot gilt sowohl in unseren B\u00fcror\u00e4umen als auch \u00fcber Fernwartung oder vor Ort bei Ihnen in M\u00fchlhausen im T\u00e4le. Unsere Firma ist Ihre profesionelle Personal Computer- Betreuung Ihr EDV-Experte<\/p>\n<h3>Die Services unserer Firma auf einen Blick:<\/h3>\n<ul>\n<li>Virenentfernung, Virenschutz und kompetente Sicherung Ihrer Daten<\/li>\n<li>Sachkundige Abwicklung rund um Personal Computer und Backup<\/li>\n<li>Erweiterung von Personalcomputer sowie Notebook<\/li>\n<li>Unsere Firma steht Ihnen in jeder Lage rund um Personalcomputer sowie Laptop mit bestem Know How zur Seite.<\/li>\n<li>Fehlerbeseitigung und Instandsetzung von Computern, Laptops<\/li>\n<li>Installation, Konfiguration von Ger\u00e4tschaft wie auch Software<\/li>\n<\/ul>\n<p><strong><span style=\"color: #FF0000;\">Zus\u00e4tzliche Dienstleistungen auf Anfrage Telefon: 07164 909700<\/span><\/strong><\/p>\n<h2>Inbetriebnahme von Komponennten und Software<\/h2>\n<p>In unserer schnelllebigen Welt gibt es andauernd Neuerungen. Der Erwerb eines aktuellen PCs, Druckers, Scanners oder einer Fritz box kann f\u00fcr den Laien ausgesprochen fordernd sein. Sie haben weder Zeit noch Wissen, wie neue Tools genutzt werden? Dann unterst\u00fctzen wir Sie gern dabei. Nat\u00fcrlich geh\u00f6rt die Ger\u00e4te- sowie Softwareinstallation zu unseren Aufgaben.<\/p>\n<p>Heimcomputer sowie Laptop-Aufr\u00fcstung \u2013 verl\u00e4sslich und professionell von kaelberer services.<\/p>\n<p>Technik steht nie still. Um Ihren Personal Computer auf dem aktuellen Status zu halten, m\u00fcsste ab und zu eine professionelle Aufr\u00fcstung durchgef\u00fchrt werden. Ihre Hardware-Aufr\u00fcstung ist bei uns in kompetenter Hand.<\/p>\n<h2>Schadensabwicklung vom Fachmann<\/h2>\n<p>Sollte Ihr Heimcomputer nicht mehr korrekt funktionieren und das Handy oder der Laptop l\u00e4diert ist, dann wenden Sie sich vertrauensvoll an uns.<\/p>\n<p>Vollservice f\u00fcr alle Personal Computer, egal welche Marke.<\/p>\n<p>Vielf\u00e4ltige Mehrwerte, die Ihren Computer und Notebook betreffen, \u00fcbernehmen unsere Experten mit jeder Menge Genauigkeit. Unsere Firm ist Ihr qualifizierter Profi f\u00fcr Services in M\u00fchlhausen im T\u00e4le. Hierbei ist das Angebot sehr weit gef\u00e4chert. Au\u00dferdem offerieren wir neben Personalcomputer-Reparatur auch weitreichende EDV-Leistungen wie Backup, Softwareinstallation und Einzelschulungen.<\/p>\n<h2>PC-Unterst\u00fctzung f\u00fcr Privatleute<\/h2>\n<p>Die Anforderungen von Privaten Kunden erfordern h\u00e4ufig ma\u00dfgeschneiderte Services. Unsere Firma ist darauf eingestellt. Den \u00e4lteren Laptop m\u00fcssen Sie nicht gleich zum Altstoffsammelzentrum verfrachten, eventuell ben\u00f6tigt er nur eine General\u00fcberholung sowie eine neue SSD-Festplatte. Hierbei gibt eine gro\u00dfe Anzahl von L\u00f6sungen, Nachhaltigkeit ins Spiel zu bringen.<\/p>\n<p><strong><cite>Personal Computer-Service privat: <span style=\"color: #4F81BD;\"><strong>kaelberer services<\/strong><\/span> Telefon: 07164 909700 &#8211; | E-Mail: support@kaelberer-online.de<\/cite><\/strong><\/p>\n<p>[contact-form-7 id=&#8220;524&#8243; title=&#8220;PC-Service-Privat&#8220;]<\/p>\n","protected":false},"excerpt":{"rendered":"<p>Ihr IT-Spezialist in der nahe gelegenen Umgebung: kaelberer services &#8211; unser Unternehmen ist nur ungef\u00e4hr 8.6 Kilometer von Ihnen weg. Bei uns ist Ihre Personal Computer-Fehlerbehebung in den allerbesten H\u00e4nden! Dar\u00fcber hinaus k\u00f6nnen wir gewissenhaft IT-Wartungen inklusive Virenentfernung an Ihrem Notebook durchf\u00fchren. Eventuell ben\u00f6tigen Sie kompetente Kaufberatung, Datensicherung und PC-Aufr\u00fcstung? Dann sind wir der richtige &hellip; <a href=\"https:\/\/www.kaelberer-online.de\/services\/privat\/pc-service-privat-muehlhausen-im-taele\/\" class=\"more-link\">Continue reading<span class=\"screen-reader-text\"> &#8222;PC Service Privat f\u00fcr M\u00fchlhausen im T\u00e4le &#8211; Tel. 07164 909700&#8220;<\/span><\/a><\/p>\n","protected":false},"author":2,"featured_media":599,"parent":486,"menu_order":0,"comment_status":"closed","ping_status":"closed","template":"","meta":{"footnotes":""},"class_list":["post-598","page","type-page","status-publish","has-post-thumbnail","hentry"],"_links":{"self":[{"href":"https:\/\/www.kaelberer-online.de\/services\/wp-json\/wp\/v2\/pages\/598","targetHints":{"allow":["GET"]}}],"collection":[{"href":"https:\/\/www.kaelberer-online.de\/services\/wp-json\/wp\/v2\/pages"}],"about":[{"href":"https:\/\/www.kaelberer-online.de\/services\/wp-json\/wp\/v2\/types\/page"}],"author":[{"embeddable":true,"href":"https:\/\/www.kaelberer-online.de\/services\/wp-json\/wp\/v2\/users\/2"}],"replies":[{"embeddable":true,"href":"https:\/\/www.kaelberer-online.de\/services\/wp-json\/wp\/v2\/comments?post=598"}],"version-history":[{"count":0,"href":"https:\/\/www.kaelberer-online.de\/services\/wp-json\/wp\/v2\/pages\/598\/revisions"}],"up":[{"embeddable":true,"href":"https:\/\/www.kaelberer-online.de\/services\/wp-json\/wp\/v2\/pages\/486"}],"wp:featuredmedia":[{"embeddable":true,"href":"https:\/\/www.kaelberer-online.de\/services\/wp-json\/wp\/v2\/media\/599"}],"wp:attachment":[{"href":"https:\/\/www.kaelberer-online.de\/services\/wp-json\/wp\/v2\/media?parent=598"}],"curies":[{"name":"wp","href":"https:\/\/api.w.org\/{rel}","templated":true}]}}