{"id":594,"date":"2021-12-04T13:27:11","date_gmt":"2021-12-04T13:27:11","guid":{"rendered":"https:\/\/kaelberer-online.de\/services\/?page_id=594"},"modified":"2021-12-04T13:27:11","modified_gmt":"2021-12-04T13:27:11","slug":"pc-service-privat-kirchheim-unter-teck","status":"publish","type":"page","link":"https:\/\/www.kaelberer-online.de\/services\/privat\/pc-service-privat-kirchheim-unter-teck\/","title":{"rendered":"PC Service Privat in Kirchheim unter Teck &#8211; Telefon 07164 909700"},"content":{"rendered":"<h2>Ihr IT-Experte in der nahe gelegenen Umgebung: <span style=\"color: #4F81BD;\"><strong>kaelberer services<\/strong><\/span> &#8211; unsere Firma ist nur ca 3.8 Kilometer von Ihnen entfernt.<\/h2>\n<p>Bei uns ist Ihre Rechner-Reparatur in den allerbesten H\u00e4nden! Dar\u00fcber hinaus f\u00fchren wir verl\u00e4sslich IT-Wartungen inklusive Virenentfernung an Ihrem PC durch. Eventuell w\u00fcnschen Sie fachgem\u00e4\u00dfe Kaufberatung, Datensicherung sowie PC-Aufr\u00fcstung? Dann sind wir der optimale Ansprechpartner!<\/p>\n<h2>Unsere Mitarbeiter in Zell u. A. legen besonderen Wert auf individuellen EDV-Service f\u00fcr unsere Privaten Klienten.<\/h2>\n<p>Nehmen Sie mit uns Kontakt auf unter Telefon 07164 909700 und fordern Sie unsere PC-Unterst\u00fctzung an. Unser Angebot gilt sowohl in unseren R\u00e4umlichkeiten wie auch \u00fcber Fernwartung oder vor Ort bei Ihnen in Kirchheim unter Teck. Wir sind Ihre fachkundige PC- Betreuung Ihr IT-Profi<\/p>\n<h3>Unsere Serviceleistungen auf einen Blick:<\/h3>\n<ul>\n<li>Fehlerbeseitigung und Instandsetzung von PCs, Laptops<\/li>\n<li>Es kommt \u00f6fter vor, als gedacht: ein Moment in dem man nicht aufpasst \u2013 falsche Taste bet\u00e4tigt und die Daten sind gel\u00f6scht.<\/li>\n<li>Erweiterung von Personalcomputer beziehungsweise Notebook<\/li>\n<li>Professionelle Schadensabwicklung rund um Heimcomputer und Datensicherung<\/li>\n<li>Installation, Konfiguration von Ger\u00e4tschaft und Software<\/li>\n<\/ul>\n<p><strong><span style=\"color: #FF0000;\">Erg\u00e4nzende Services auf Anfrage Telefon: 07164 909700<\/span><\/strong><\/p>\n<h2>Inbetriebnahme von Ger\u00e4ten oder Software<\/h2>\n<p>In unserer sich rasant ver\u00e4ndernden Umgebung gibt es andauernd Neuerungen. Die Anschaffung eines aktuellen Rechners, Druckers, Scanners oder einer Fritz box kann f\u00fcr den Nichtexperten sehr herausfordernd sein. Sie wissen nicht, wie moderne Tools benutzt werden k\u00f6nnen? Dann betreuen wir Sie gerne dabei. Selbstverst\u00e4ndlich geh\u00f6rt eine Ger\u00e4te- wie auch Softwareinstallation zu unseren T\u00e4tigkeiten.<\/p>\n<p>Rechner und Laptop-Aufr\u00fcstung \u2013 gewissenhaft und professionell von kaelberer services.<\/p>\n<p>Die Technik steht niemals still. Um Ihren Heimcomputer auf dem neusten Stand zu halten, sollte von Zeit zu Zeit eine professionelle Aufr\u00fcstung gemacht werden. Ihre Hardware-Aufr\u00fcstung ist bei uns in qualifizierter Hand.<\/p>\n<h2>Wenn der Personal Computer einmal schadhaft ist<\/h2>\n<p>Wenn Ihr Rechner nicht mehr fehlerfrei funktioniert oder das Handy oder der Laptop kaputt ist, dann wenden Sie sich vertrauensvoll an uns.<\/p>\n<p>Rund um Service f\u00fcr s\u00e4mtliche PC, egal welche Marke.<\/p>\n<p>Umfassende Dienste, die Ihren Rechner und Laptop betreffen, \u00fcbernimmt unser Fachbetrieb mit reichlich Genauigkeit. Unsere Firm ist Ihr routinierter Profi f\u00fcr Services in Kirchheim unter Teck. Hierbei ist unser Angebot besonders breit gef\u00e4chert. Zudem offerieren wir neben Rechner-Reparatur auch weitreichende IT-Dienstleistungen wie Backup, Softwareinstallation und Einzelschulungen.<\/p>\n<h2>Personal Computer-Unterst\u00fctzung f\u00fcr Privatleute<\/h2>\n<p>Die W\u00fcnsche von Privaten Kunden erfordern oft passende L\u00f6sungen. Wir von kaelberer-services sind darauf eingestellt. Den \u00e4lteren Laptop m\u00fcssen Sie nicht gleich zum Wertstoffhof transportieren, vermutlich ben\u00f6tigt er nur eine General\u00fcberholung und eine moderne SSD. Hierbei gibt eine Reihe von M\u00f6glichkeiten, Nachhaltigkeit ins Spiel zu bringen.<\/p>\n<p><strong><cite>Rechner-Service im privaten Rahmen: <span style=\"color: #4F81BD;\"><strong>kaelberer services<\/strong><\/span> Telefon: 07164 909700 &#8211; | E-Mail: support@kaelberer-online.de<\/cite><\/strong><\/p>\n<p>[contact-form-7 id=&#8220;524&#8243; title=&#8220;PC-Service-Privat&#8220;]<\/p>\n","protected":false},"excerpt":{"rendered":"<p>Ihr IT-Experte in der nahe gelegenen Umgebung: kaelberer services &#8211; unsere Firma ist nur ca 3.8 Kilometer von Ihnen entfernt. Bei uns ist Ihre Rechner-Reparatur in den allerbesten H\u00e4nden! Dar\u00fcber hinaus f\u00fchren wir verl\u00e4sslich IT-Wartungen inklusive Virenentfernung an Ihrem PC durch. Eventuell w\u00fcnschen Sie fachgem\u00e4\u00dfe Kaufberatung, Datensicherung sowie PC-Aufr\u00fcstung? Dann sind wir der optimale Ansprechpartner! &hellip; <a href=\"https:\/\/www.kaelberer-online.de\/services\/privat\/pc-service-privat-kirchheim-unter-teck\/\" class=\"more-link\">Continue reading<span class=\"screen-reader-text\"> &#8222;PC Service Privat in Kirchheim unter Teck &#8211; Telefon 07164 909700&#8220;<\/span><\/a><\/p>\n","protected":false},"author":2,"featured_media":595,"parent":486,"menu_order":0,"comment_status":"closed","ping_status":"closed","template":"","meta":{"footnotes":""},"class_list":["post-594","page","type-page","status-publish","has-post-thumbnail","hentry"],"_links":{"self":[{"href":"https:\/\/www.kaelberer-online.de\/services\/wp-json\/wp\/v2\/pages\/594","targetHints":{"allow":["GET"]}}],"collection":[{"href":"https:\/\/www.kaelberer-online.de\/services\/wp-json\/wp\/v2\/pages"}],"about":[{"href":"https:\/\/www.kaelberer-online.de\/services\/wp-json\/wp\/v2\/types\/page"}],"author":[{"embeddable":true,"href":"https:\/\/www.kaelberer-online.de\/services\/wp-json\/wp\/v2\/users\/2"}],"replies":[{"embeddable":true,"href":"https:\/\/www.kaelberer-online.de\/services\/wp-json\/wp\/v2\/comments?post=594"}],"version-history":[{"count":0,"href":"https:\/\/www.kaelberer-online.de\/services\/wp-json\/wp\/v2\/pages\/594\/revisions"}],"up":[{"embeddable":true,"href":"https:\/\/www.kaelberer-online.de\/services\/wp-json\/wp\/v2\/pages\/486"}],"wp:featuredmedia":[{"embeddable":true,"href":"https:\/\/www.kaelberer-online.de\/services\/wp-json\/wp\/v2\/media\/595"}],"wp:attachment":[{"href":"https:\/\/www.kaelberer-online.de\/services\/wp-json\/wp\/v2\/media?parent=594"}],"curies":[{"name":"wp","href":"https:\/\/api.w.org\/{rel}","templated":true}]}}