{"id":566,"date":"2021-11-28T22:46:16","date_gmt":"2021-11-28T22:46:16","guid":{"rendered":"https:\/\/kaelberer-online.de\/services\/?page_id=566"},"modified":"2021-11-28T22:46:16","modified_gmt":"2021-11-28T22:46:16","slug":"pc-service-privat-bad-ditzenbach","status":"publish","type":"page","link":"https:\/\/www.kaelberer-online.de\/services\/privat\/pc-service-privat-bad-ditzenbach\/","title":{"rendered":"PC Service Privat f\u00fcr Bad Ditzenbach &#8211; Tel. 07164 909700"},"content":{"rendered":"<h2>Ihr IT-Experte aus der n\u00e4chsten N\u00e4he: <span style=\"color: #4F81BD;\"><strong>kaelberer services<\/strong><\/span> &#8211; unsere Firma ist nur ungef\u00e4hr 6.5 Kilometer von Ihnen weg.<\/h2>\n<p>Bei uns ist Ihre Personal Computer-Reparatur in den besten H\u00e4nden! Dar\u00fcber hinaus k\u00f6nnen wir gewissenhaft IT-Wartungen inklusive Virenentfernung an Ihrem PC durchf\u00fchren. M\u00f6glicherweise ben\u00f6tigen Sie zuverl\u00e4ssige Kaufberatung, Datensicherung oder Personal Computer-Aufr\u00fcstung? Dann sind wir der optimale Ansprechpartner!<\/p>\n<h2>Unsere Spezialisten in Zell u. A. legen besonderen Wert auf pers\u00f6nlichen EDV-Service f\u00fcr unsere Privaten Klienten.<\/h2>\n<p>Nehmen Sie mit uns Kontakt auf unter E-Mail: support@kaelberer-online.de und verlangen Sie unsere PC-Unterst\u00fctzung. Unser Angebot gilt sowohl in unseren R\u00e4umlichkeiten als auch \u00fcber Fernwartung oder vor Ort bei Ihnen in Bad Ditzenbach. Unsere Firma ist Ihre profesionelle Heimcomputer- Betreuung Ihr EDV-Profi<\/p>\n<h3>Die Services unserer Firma auf einen Blick:<\/h3>\n<ul>\n<li>Unsere Firma steht Ihnen in jeder Situation rund um Personalcomputer wie auch Laptop mit bestem Know How zur Seite.<\/li>\n<li>Aufr\u00fcstung von PC und Laptop<\/li>\n<li>Kompetente Abwicklung rund um Personalcomputer und Backup<\/li>\n<li>Reparatur und Instandsetzung von Computern, Notebooks<\/li>\n<li>Es kommt \u00f6fter vor, als gedacht: ein Moment in dem man nicht aufpasst \u2013 falsche Taste gedr\u00fcckt und Daten sind gel\u00f6scht.<\/li>\n<li>Installation von Ger\u00e4ten wie auch Software<\/li>\n<li>Virenentfernung, Virenschutz sowie kompetente Datensicherung<\/li>\n<\/ul>\n<p><strong><span style=\"color: #FF0000;\">Zus\u00e4tzliche Angebote auf Anfrage Telefon: 07164 909700<\/span><\/strong><\/p>\n<h2>Konfiguration von Komponennten und Softwarel\u00f6sungen<\/h2>\n<p>In unserer sich rasant ver\u00e4ndernden Welt gibt es st\u00e4ndig \u00c4nderungen. Der Erwerb eines aktuellen Computers, Druckers, Scanners oder einer Fritz box kann f\u00fcr den Laien \u00fcberaus fordernd sein. Sie haben weder Zeit noch Wissen, wie moderne Softwareprogramme genutzt werden? Dann supporten wir Sie gerne dabei. Nat\u00fcrlich z\u00e4hlt die Ger\u00e4te- wie auch Softwareinstallation zu unseren Aufgaben.<\/p>\n<p>Personal Computer sowie Notebook-Aufr\u00fcstung \u2013 gewissenhaft und professionell von kaelberer services.<\/p>\n<p>Die Technik steht niemals still. Damit Sie immer auf dem neusten Stand mit Ihrem Heimcomputer sind, sollte ab und zu eine fachm\u00e4nnische Aufr\u00fcstung realisiert werden. Die Hardware-Aufr\u00fcstung ist bei uns in kompetenter Hand.<\/p>\n<h2>Wenn der Rechner mal schadhaft ist<\/h2>\n<p>Sollte Ihr Personal Computer nicht mehr korrekt funktionieren sowie das Mobiltelefon oder Notebook l\u00e4diert ist, dann wenden Sie sich vertrauensvoll an uns.<\/p>\n<p>Rund um Service f\u00fcr jegliche PC, egal welches Model.<\/p>\n<p>Umfassende Serviceleistungen, die Ihren Computer und Notebook betreffen, \u00fcbernehmen unsere Experten mit jeder Menge Gewissenhaftigkeit. Unsere Firm ist Ihr qualifizierter Partner f\u00fcr Services in Bad Ditzenbach. Hierbei ist unser Angebot besonders weit gef\u00e4chert. Au\u00dferdem offerieren wir neben Rechner-Reparatur auch weitreichende IT-T\u00e4tigkeiten wie Backup, Installation von Software und Einzelschulungen.<\/p>\n<h2>Personalcomputer-Unterst\u00fctzung f\u00fcr Privatkunden<\/h2>\n<p>Die Belange von Privatkunden ben\u00f6tigen h\u00e4ufig individuelle L\u00f6sungen. Unsere Techniker von kaelberer-services sind darauf eingestellt. Den \u00e4lteren Laptop m\u00fcssen Sie nicht gleich zum Wertstoffhof verfrachten, m\u00f6glicherweise ben\u00f6tigt er nur eine General\u00fcberholung oder eine moderne SSD-Festplatte. In diesem Fall gibt eine Reihe von M\u00f6glichkeiten, Nachhaltigkeit ins Spiel zu bringen.<\/p>\n<p><strong><cite>Rechner-Service im privaten Rahmen: <span style=\"color: #4F81BD;\"><strong>kaelberer services<\/strong><\/span> Telefon: 07164 909700 &#8211; | E-Mail: support@kaelberer-online.de<\/cite><\/strong><\/p>\n<p>[contact-form-7 id=&#8220;524&#8243; title=&#8220;PC-Service-Privat&#8220;]<\/p>\n","protected":false},"excerpt":{"rendered":"<p>Ihr IT-Experte aus der n\u00e4chsten N\u00e4he: kaelberer services &#8211; unsere Firma ist nur ungef\u00e4hr 6.5 Kilometer von Ihnen weg. Bei uns ist Ihre Personal Computer-Reparatur in den besten H\u00e4nden! Dar\u00fcber hinaus k\u00f6nnen wir gewissenhaft IT-Wartungen inklusive Virenentfernung an Ihrem PC durchf\u00fchren. M\u00f6glicherweise ben\u00f6tigen Sie zuverl\u00e4ssige Kaufberatung, Datensicherung oder Personal Computer-Aufr\u00fcstung? Dann sind wir der optimale &hellip; <a href=\"https:\/\/www.kaelberer-online.de\/services\/privat\/pc-service-privat-bad-ditzenbach\/\" class=\"more-link\">Continue reading<span class=\"screen-reader-text\"> &#8222;PC Service Privat f\u00fcr Bad Ditzenbach &#8211; Tel. 07164 909700&#8220;<\/span><\/a><\/p>\n","protected":false},"author":2,"featured_media":567,"parent":486,"menu_order":0,"comment_status":"closed","ping_status":"closed","template":"","meta":{"footnotes":""},"class_list":["post-566","page","type-page","status-publish","has-post-thumbnail","hentry"],"_links":{"self":[{"href":"https:\/\/www.kaelberer-online.de\/services\/wp-json\/wp\/v2\/pages\/566","targetHints":{"allow":["GET"]}}],"collection":[{"href":"https:\/\/www.kaelberer-online.de\/services\/wp-json\/wp\/v2\/pages"}],"about":[{"href":"https:\/\/www.kaelberer-online.de\/services\/wp-json\/wp\/v2\/types\/page"}],"author":[{"embeddable":true,"href":"https:\/\/www.kaelberer-online.de\/services\/wp-json\/wp\/v2\/users\/2"}],"replies":[{"embeddable":true,"href":"https:\/\/www.kaelberer-online.de\/services\/wp-json\/wp\/v2\/comments?post=566"}],"version-history":[{"count":0,"href":"https:\/\/www.kaelberer-online.de\/services\/wp-json\/wp\/v2\/pages\/566\/revisions"}],"up":[{"embeddable":true,"href":"https:\/\/www.kaelberer-online.de\/services\/wp-json\/wp\/v2\/pages\/486"}],"wp:featuredmedia":[{"embeddable":true,"href":"https:\/\/www.kaelberer-online.de\/services\/wp-json\/wp\/v2\/media\/567"}],"wp:attachment":[{"href":"https:\/\/www.kaelberer-online.de\/services\/wp-json\/wp\/v2\/media?parent=566"}],"curies":[{"name":"wp","href":"https:\/\/api.w.org\/{rel}","templated":true}]}}