{"id":560,"date":"2021-11-30T13:30:33","date_gmt":"2021-11-30T13:30:33","guid":{"rendered":"https:\/\/kaelberer-online.de\/services\/?page_id=560"},"modified":"2021-11-30T13:30:33","modified_gmt":"2021-11-30T13:30:33","slug":"pc-service-privat-aichelberg","status":"publish","type":"page","link":"https:\/\/www.kaelberer-online.de\/services\/privat\/pc-service-privat-aichelberg\/","title":{"rendered":"PC Service Privat in Aichelberg &#8211; Telefon 07164 909700"},"content":{"rendered":"<h2>Ihr IT-Fachmann aus der n\u00e4chsten N\u00e4he: <span style=\"color: #4F81BD;\"><strong>kaelberer services<\/strong><\/span> &#8211; unsere Firma ist nur etwa 0.5 Kilometer von Ihnen weg.<\/h2>\n<p>Bei unserer Unternehmung ist Ihre Heimcomputer-Instandsetzung in den allerbesten H\u00e4nden! Dar\u00fcber hinaus f\u00fchren wir zuverl\u00e4ssig IT-Wartungen inklusive Virenentfernung an Ihrem PC durch. Vielleicht brauchen Sie fachm\u00e4nnische Kaufberatung, Datensicherung oder PC-Aufr\u00fcstung? Dann sind wir der richtige Ansprechpartner!<\/p>\n<h2>Unsere Spezialisten in Zell u. A. legen besonderen Wert auf pers\u00f6nlichen PC-Service f\u00fcr unsere Privatkunden.<\/h2>\n<p>Nehmen Sie mit uns Kontakt auf unter Telefon 07164 909700 und fordern Sie unsere PC-Unterst\u00fctzung an. Unser Angebot gilt sowohl in unseren B\u00fcror\u00e4umen als auch \u00fcber Fernwartung oder vor Ort bei Ihnen in Aichelberg. Wir sind Ihre fachkundige Personal Computer- Betreuung Ihr EDV-Fachmann<\/p>\n<h3>Unsere Serviceleistungen auf einen Blick:<\/h3>\n<ul>\n<li>Aufr\u00fcstung von Personal Computer sowie Notebook<\/li>\n<li>Unsere Firma steht Ihnen in jeder Lage rund um Personalcomputer wie auch Notebook mit bestem Wissen zur Seite.<\/li>\n<li>Virenentfernung, Virenschutz und professionelle Sicherung Ihrer Daten<\/li>\n<li>Kompetente Abwicklung rund um PC und Backup<\/li>\n<li>Fehlerbehebung und Reparatur von PCs, Laptops<\/li>\n<\/ul>\n<p><strong><span style=\"color: #FF0000;\">Weitere Dienstleistungen auf Anfrage Telefon: 07164 909700<\/span><\/strong><\/p>\n<h2>Installation von Ger\u00e4ten und Software<\/h2>\n<p>In unserer sich rasant ver\u00e4ndernden Umgebung gibt es dauernd Innovationen. Die Anschaffung eines aktuellen PCs, Druckers, Scanners oder einer Fritz box kann f\u00fcr den Unerfahrenen ausgesprochen anspruchsvoll sein. Sie haben weder Zeit noch Wissen, wie neuartige Anwendungen benutzt werden? Dann supporten wir Sie gern dabei. Nat\u00fcrlich z\u00e4hlt die Ger\u00e4te- sowie Softwareinstallation zu unseren Arbeiten.<\/p>\n<p>Personal Computer sowie Laptop-Aufr\u00fcstung \u2013 zuverl\u00e4ssig und professionell von kaelberer services.<\/p>\n<p>Die Technik steht niemals still. Um Ihren PC auf dem neuesten Status zu halten, sollte von Zeit zu Zeit eine professionelle Aufr\u00fcstung realisiert werden. Ihre Hardware-Aufr\u00fcstung ist bei uns in fachm\u00e4nnischer Hand.<\/p>\n<h2>Schadensabwicklung vom Fachmann<\/h2>\n<p>Wenn Ihr Personalcomputer nicht mehr richtig funktioniert und das Smartphone oder Notebook kaputt ist, dann wenden Sie sich vertrauensvoll an kaelberer-services.<\/p>\n<p>Rund um Service f\u00fcr jegliche Personalcomputer, egal welche Marke.<\/p>\n<p>Weitreichende Service-Leistungen, die Ihren Computer und Laptop betreffen, \u00fcbernimmt unser Fachbetrieb mit jeder Menge Sorgfalt. Unsere Firm ist Ihr erfahrener Partner f\u00fcr Services in Aichelberg. Hierbei ist unser Angebot ziemlich breit gef\u00e4chert. Au\u00dferdem bieten wir neben PC-Reparatur auch weitreichende IT-T\u00e4tigkeiten wie Backup, Installation von Software und Einzelschulungen.<\/p>\n<h2>PC-Support f\u00fcr Private Kunden<\/h2>\n<p>Die W\u00fcnsche von Privatkunden erfordern oft ma\u00dfgeschneiderte L\u00f6sungen. Unsere Mitarbeiter von kaelberer-services sind darauf eingestellt. Ihren alten Laptop m\u00fcssen Sie nicht gleich zum Altstoffsammelzentrum transportieren, eventuell ben\u00f6tigt er nur eine Runderneuerung oder eine neuartige SSD. Hierbei gibt eine Reihe von Varianten, Nachhaltigkeit ins Spiel zu bringen.<\/p>\n<p><strong><cite>Personalcomputer-Dienst privat: <span style=\"color: #4F81BD;\"><strong>kaelberer services<\/strong><\/span> Telefon: 07164 909700 &#8211; | E-Mail: support@kaelberer-online.de<\/cite><\/strong><\/p>\n<p>[contact-form-7 id=&#8220;524&#8243; title=&#8220;PC-Service-Privat&#8220;]<\/p>\n","protected":false},"excerpt":{"rendered":"<p>Ihr IT-Fachmann aus der n\u00e4chsten N\u00e4he: kaelberer services &#8211; unsere Firma ist nur etwa 0.5 Kilometer von Ihnen weg. Bei unserer Unternehmung ist Ihre Heimcomputer-Instandsetzung in den allerbesten H\u00e4nden! Dar\u00fcber hinaus f\u00fchren wir zuverl\u00e4ssig IT-Wartungen inklusive Virenentfernung an Ihrem PC durch. Vielleicht brauchen Sie fachm\u00e4nnische Kaufberatung, Datensicherung oder PC-Aufr\u00fcstung? Dann sind wir der richtige Ansprechpartner! &hellip; <a href=\"https:\/\/www.kaelberer-online.de\/services\/privat\/pc-service-privat-aichelberg\/\" class=\"more-link\">Continue reading<span class=\"screen-reader-text\"> &#8222;PC Service Privat in Aichelberg &#8211; Telefon 07164 909700&#8220;<\/span><\/a><\/p>\n","protected":false},"author":2,"featured_media":561,"parent":486,"menu_order":0,"comment_status":"closed","ping_status":"closed","template":"","meta":{"footnotes":""},"class_list":["post-560","page","type-page","status-publish","has-post-thumbnail","hentry"],"_links":{"self":[{"href":"https:\/\/www.kaelberer-online.de\/services\/wp-json\/wp\/v2\/pages\/560","targetHints":{"allow":["GET"]}}],"collection":[{"href":"https:\/\/www.kaelberer-online.de\/services\/wp-json\/wp\/v2\/pages"}],"about":[{"href":"https:\/\/www.kaelberer-online.de\/services\/wp-json\/wp\/v2\/types\/page"}],"author":[{"embeddable":true,"href":"https:\/\/www.kaelberer-online.de\/services\/wp-json\/wp\/v2\/users\/2"}],"replies":[{"embeddable":true,"href":"https:\/\/www.kaelberer-online.de\/services\/wp-json\/wp\/v2\/comments?post=560"}],"version-history":[{"count":0,"href":"https:\/\/www.kaelberer-online.de\/services\/wp-json\/wp\/v2\/pages\/560\/revisions"}],"up":[{"embeddable":true,"href":"https:\/\/www.kaelberer-online.de\/services\/wp-json\/wp\/v2\/pages\/486"}],"wp:featuredmedia":[{"embeddable":true,"href":"https:\/\/www.kaelberer-online.de\/services\/wp-json\/wp\/v2\/media\/561"}],"wp:attachment":[{"href":"https:\/\/www.kaelberer-online.de\/services\/wp-json\/wp\/v2\/media?parent=560"}],"curies":[{"name":"wp","href":"https:\/\/api.w.org\/{rel}","templated":true}]}}